{"id":2428,"date":"2022-05-09T11:54:18","date_gmt":"2022-05-09T11:54:18","guid":{"rendered":"http:\/\/bozovictennisacademy.com\/v3\/?page_id=2428"},"modified":"2025-07-01T12:48:40","modified_gmt":"2025-07-01T12:48:40","slug":"juniorprogramm","status":"publish","type":"page","link":"https:\/\/bozovictennisacademy.com\/v3\/de\/programme\/juniorprogramm\/","title":{"rendered":"Juniorprogramm"},"content":{"rendered":"<div id=\"pl-2428\"  class=\"panel-layout\" ><div id=\"pg-2428-0\"  class=\"panel-grid panel-no-style\" ><div id=\"pgc-2428-0-0\"  class=\"panel-grid-cell\" ><div id=\"panel-2428-0-0-0\" class=\"so-panel widget widget_sow-editor panel-first-child panel-last-child\" data-index=\"0\" ><div\n\t\t\t\n\t\t\tclass=\"so-widget-sow-editor so-widget-sow-editor-base\"\n\t\t\t\n\t\t>\n<div class=\"siteorigin-widget-tinymce textwidget\">\n\t<h4>Programmbeschreibung<\/h4>\n<p>Es ist ein Aufbauprogramm f\u00fcr diejenigen, die ihr Spiel auf ein h\u00f6heres Niveau bringen und ihr Ranking verbessern wollen. Das Programm deckt systematisch alle Komponenten ab, die f\u00fcr ihr Spiel wichtig sind und besteht aus vier Wettkampf-Aufbauphasen. Jede von den Phasen enth\u00e4lt eine detaillierte und geplante Ablaufplanung.<\/p>\n<\/div>\n<\/div><\/div><\/div><div id=\"pgc-2428-0-1\"  class=\"panel-grid-cell\" ><div id=\"panel-2428-0-1-0\" class=\"so-panel widget widget_sow-editor panel-first-child panel-last-child\" data-index=\"1\" ><div\n\t\t\t\n\t\t\tclass=\"so-widget-sow-editor so-widget-sow-editor-base\"\n\t\t\t\n\t\t>\n<div class=\"siteorigin-widget-tinymce textwidget\">\n\t<p><img loading=\"lazy\" decoding=\"async\" class=\"alignnone size-full wp-image-4205\" src=\"https:\/\/bozovictennisacademy.com\/v3\/wp-content\/uploads\/2024\/04\/bta_winter_2024_15.jpg\" alt=\"\" width=\"1280\" height=\"854\" srcset=\"https:\/\/bozovictennisacademy.com\/v3\/wp-content\/uploads\/2024\/04\/bta_winter_2024_15.jpg 1280w, https:\/\/bozovictennisacademy.com\/v3\/wp-content\/uploads\/2024\/04\/bta_winter_2024_15-300x200.jpg 300w, https:\/\/bozovictennisacademy.com\/v3\/wp-content\/uploads\/2024\/04\/bta_winter_2024_15-1024x683.jpg 1024w, https:\/\/bozovictennisacademy.com\/v3\/wp-content\/uploads\/2024\/04\/bta_winter_2024_15-768x512.jpg 768w, https:\/\/bozovictennisacademy.com\/v3\/wp-content\/uploads\/2024\/04\/bta_winter_2024_15-272x182.jpg 272w\" sizes=\"auto, (max-width: 1280px) 100vw, 1280px\" \/><\/p>\n<\/div>\n<\/div><\/div><\/div><\/div><div id=\"pg-2428-1\"  class=\"panel-grid panel-no-style\" ><div id=\"pgc-2428-1-0\"  class=\"panel-grid-cell\" ><div id=\"panel-2428-1-0-0\" class=\"so-panel widget widget_sow-editor panel-first-child panel-last-child\" data-index=\"2\" ><div\n\t\t\t\n\t\t\tclass=\"so-widget-sow-editor so-widget-sow-editor-base\"\n\t\t\t\n\t\t>\n<div class=\"siteorigin-widget-tinymce textwidget\">\n\t<p><div class=\"embed-responsive  embed-responsive-16by9\"><iframe loading=\"lazy\" title=\"Junior Tennis Program \u2b50 Highlights\" width=\"1140\" height=\"641\" src=\"https:\/\/www.youtube.com\/embed\/lV83jlUHGkA?feature=oembed\" frameborder=\"0\" allow=\"accelerometer; autoplay; clipboard-write; encrypted-media; gyroscope; picture-in-picture; web-share\" referrerpolicy=\"strict-origin-when-cross-origin\" allowfullscreen><\/iframe><\/div><\/p>\n<\/div>\n<\/div><\/div><\/div><\/div><div id=\"pg-2428-2\"  class=\"panel-grid panel-has-style\" ><div class=\"panel-row-style panel-row-style-for-2428-2\" ><div id=\"pgc-2428-2-0\"  class=\"panel-grid-cell\" ><div id=\"panel-2428-2-0-0\" class=\"so-panel widget widget_pw_accordion widget-accordion panel-first-child panel-last-child\" data-index=\"3\" ><h3 class=\"widget-title\"><span class=\"widget-title__inline\">Phasen<\/span><\/h3>\t<div class=\"accordion panel-group\" id=\"accordion-widget-2-0-0\" role=\"tablist\" aria-multiselectable=\"true\">\n\t\t\t<div class=\"accordion__panel  panel  panel-default  card\">\n\t\t\t<div class=\"accordion__heading  panel-heading\" role=\"tab\" id=\"heading-widget-2-0-0-1\">\n\t\t\t\t<div class=\"panel-title\">\n\t\t\t\t\t<a class=\"collapsed\" role=\"button\" data-toggle=\"collapse\" data-parent=\"#accordion-widget-2-0-0\" href=\"#collapse-widget-2-0-0-1\" aria-expanded=\"false\" aria-controls=\"collapse-widget-2-0-0-1\">\n\t\t\t\t\t\tPhase 1 umfasst Jungs im Alter von 9-12 Jahren und M\u00e4dchen im Alter von 8-11 Jahren\t\t\t\t\t<\/a>\n\t\t\t\t<\/div>\n\t\t\t<\/div>\n\t\t\t<div id=\"collapse-widget-2-0-0-1\" class=\"accordion__content  panel-collapse  collapse\" role=\"tabpanel\" aria-labelledby=\"heading-widget-2-0-0-1\">\n\t\t\t\t<div class=\"panel-body\">\n\t\t\t\t\t- Das Hauptziel von Phase 1 ist, den Kindern spezifische Tennisfertigkeiten in Bezug auf grundlegende sportliche F\u00e4higkeiten aus anderen Sportarten zu vermitteln, die sich direkt auf die Entwicklung eines Spielers auswirken und letztendlich seinem Tennisspiel zugutekommen.<br>\n- Erlernen der Bewegungstechniken auf dem Platz, die wichtige und grundlegende motorische Eigenschaften sind. Sind diese in diesem Alter noch nicht entwickelt, ist es f\u00fcr den Spieler schwierig sein volles Potenzial zu erreichen.<br>\n- Technisch - das Spiel wird auf einem h\u00f6heren Niveau und Tempo ausge\u00fcbt und gef\u00f6rdert, wobei die mentale St\u00e4rke durch Training und \u00dcbungen verbessert wird. <br>\n- Einf\u00fchrung in Taktik und Strategie<br><br>\n\nDas Programm Phase 1 nennen wir \u201eHigh Performance\u201c (Hochleistung). Es vermittelt den Spielerinnen und Spielern eine solide Basis, auf der eine erfolgreiche Tenniskarriere aufgebaut werden kann. Die Leidenschaft zum Tennis wird vom ersten Tag an gef\u00f6rdert, und es werden Kompetenzen in der Selbstorganisation und der sportlichen Laufbahnorganisation vermittelt und gef\u00f6rdert. Wir haben ein \u00fcbergreifendes Ziel: das gr\u00f6sste Potenzial im Tennis zu erreichen. Dies wird durch ein Konzept erreicht, bei dem jeder Spieler-in eine eigene, auf ihn\/sie zugeschnittene Trainingsgruppe eingeteilt ist und beim Wettkampftraining mit anderen Spielern mit \u00e4hnlichen Leistungs- und Spielst\u00e4rken zusammenarbeitet. <br><br>\n\nDas Modul deckt die Geschicklichkeits- und Fertigkeitskomponenten, Pr\u00fcfen der Kernkompetenzen, \u00dcbungen und das Protokollieren des Leistungsstandes ab. <br><br>\n\nDieses Programm erm\u00f6glicht es unseren Spielern\/-innen, sich von jungen Nachwuchsspielern\/-innen zu hervorragenden Tennisspielern zu entwickeln und in den Profisport einzusteigen.\t\t\t\t<\/div>\n\t\t\t<\/div>\n\t\t<\/div>\n\t\t\t<div class=\"accordion__panel  panel  panel-default  card\">\n\t\t\t<div class=\"accordion__heading  panel-heading\" role=\"tab\" id=\"heading-widget-2-0-0-2\">\n\t\t\t\t<div class=\"panel-title\">\n\t\t\t\t\t<a class=\"collapsed\" role=\"button\" data-toggle=\"collapse\" data-parent=\"#accordion-widget-2-0-0\" href=\"#collapse-widget-2-0-0-2\" aria-expanded=\"false\" aria-controls=\"collapse-widget-2-0-0-2\">\n\t\t\t\t\t\tPhase 2 umfasst Jungs im Alter von 12-16 Jahren und M\u00e4dchen im Alter von 11-15 Jahren\t\t\t\t\t<\/a>\n\t\t\t\t<\/div>\n\t\t\t<\/div>\n\t\t\t<div id=\"collapse-widget-2-0-0-2\" class=\"accordion__content  panel-collapse  collapse\" role=\"tabpanel\" aria-labelledby=\"heading-widget-2-0-0-2\">\n\t\t\t\t<div class=\"panel-body\">\n\t\t\t\t\t- Das Hauptziel von Phase 2 ist die Weiterentwicklung und Festigung aller Techniken, wobei zwei kritische Phasen in der k\u00f6rperlichen Entwicklung ber\u00fccksichtigt werden: die Ausdauer und die Kraft der Spieler, die vom Reifegrad und nicht vom Lebensalter abh\u00e4ngt.<br>\n- Spieler, die diese Phase 2 verpassen, haben es schwer ihr volles Potenzial zu erreichen.<br>\n- Die mentalen Aspekte werden durch t\u00e4gliches Training und Situationen auf dem Platz stark gef\u00f6rdert und gelehrt, wobei der Fokus auf der Beherrschung aller taktischen Elemente und Strategien liegt.<br>\n- Phase 2 ist die Zeit, in der die Spieler einen bestimmten Spielstil finden und annehmen, mit dem sie auf dem Platz dominieren.<br><br>\n\nWir haben die Phase 2 \u201eExcellence\u201c (Spitzenleistung) genannt, die dieselbe Vision wie das \u201eHigh Performance\u201c-Programm verfolgt, jedoch eine andere Lehr- und Trainingsmethode anwendet, um erfolgreich zu sein. Das \u201eExcellence\u201c-Programm ist ausgerichtet auf alle Leistungsstufen und soll dem einzelnen Spieler-in die M\u00f6glichkeiten geben, der beste Tennisspieler zu sein, der er\/sie sein kann. Das Programm ber\u00fccksichtigt die Vereinbarkeit zwischen Tennistraining und Schule, Beruf und Freizeit. F\u00fchrende Tennistrainer der Bozovic Tennis Academy entwerfen und setzen ein individuelles Tennistraining f\u00fcr jeden Spieler\/-in um. Das anf\u00e4ngliche Spielerprofil bildet die Grundlage f\u00fcr das laufende Training und die Entwicklung des Spielers in Bezug auf die physischen, technischen und psychologischen Aspekte in seinem Spiel. In Phase 2 werden die Fortschritte des Spielers regelm\u00e4ssig eingestuft, so dass die Entwicklung des Spielers stets gef\u00f6rdert und kontinuierlich beobachtet wird.\t\t\t\t<\/div>\n\t\t\t<\/div>\n\t\t<\/div>\n\t\t\t<\/div>\n\n<\/div><\/div><\/div><\/div><\/div>","protected":false},"excerpt":{"rendered":"<p>Es ist ein Aufbauprogramm f\u00fcr diejenigen, die ihr Spiel auf ein h\u00f6heres Niveau bringen und ihr Ranking verbessern wollen. <\/p>\n","protected":false},"author":1,"featured_media":4528,"parent":2425,"menu_order":0,"comment_status":"closed","ping_status":"closed","template":"","meta":{"_acf_changed":false,"footnotes":""},"class_list":{"0":"post-2428","1":"page","2":"type-page","3":"status-publish","4":"has-post-thumbnail","6":"clearfix","7":"article"},"acf":[],"yoast_head":"<!-- This site is optimized with the Yoast SEO plugin v27.1.1 - https:\/\/yoast.com\/product\/yoast-seo-wordpress\/ -->\n<title>Juniorprogramm - Bozovic Tennis Academy<\/title>\n<meta name=\"description\" content=\"Es ist ein Aufbauprogramm f\u00fcr diejenigen, die ihr Spiel auf ein h\u00f6heres Niveau bringen und ihr Ranking verbessern wollen.\" \/>\n<meta name=\"robots\" content=\"index, follow, max-snippet:-1, max-image-preview:large, max-video-preview:-1\" \/>\n<link rel=\"canonical\" href=\"https:\/\/bozovictennisacademy.com\/v3\/de\/programme\/juniorprogramm\/\" \/>\n<meta property=\"og:locale\" content=\"en_US\" \/>\n<meta property=\"og:type\" content=\"article\" \/>\n<meta property=\"og:title\" content=\"Juniorprogramm - Bozovic Tennis Academy\" \/>\n<meta property=\"og:description\" content=\"Es ist ein Aufbauprogramm f\u00fcr diejenigen, die ihr Spiel auf ein h\u00f6heres Niveau bringen und ihr Ranking verbessern wollen.\" \/>\n<meta property=\"og:url\" content=\"https:\/\/bozovictennisacademy.com\/v3\/de\/programme\/juniorprogramm\/\" \/>\n<meta property=\"og:site_name\" content=\"Bozovic Tennis Academy\" \/>\n<meta property=\"article:publisher\" content=\"https:\/\/www.facebook.com\/bozovictennisacademy\/\" \/>\n<meta property=\"article:modified_time\" content=\"2025-07-01T12:48:40+00:00\" \/>\n<meta property=\"og:image\" content=\"https:\/\/bozovictennisacademy.com\/v3\/wp-content\/uploads\/2024\/05\/gi_juniors_12.jpg\" \/>\n\t<meta property=\"og:image:width\" content=\"1280\" \/>\n\t<meta property=\"og:image:height\" content=\"854\" \/>\n\t<meta property=\"og:image:type\" content=\"image\/jpeg\" \/>\n<meta name=\"twitter:card\" content=\"summary_large_image\" \/>\n<meta name=\"twitter:label1\" content=\"Est. reading time\" \/>\n\t<meta name=\"twitter:data1\" content=\"3 minutes\" \/>\n<script type=\"application\/ld+json\" class=\"yoast-schema-graph\">{\"@context\":\"https:\/\/schema.org\",\"@graph\":[{\"@type\":\"WebPage\",\"@id\":\"https:\/\/bozovictennisacademy.com\/v3\/de\/programme\/juniorprogramm\/\",\"url\":\"https:\/\/bozovictennisacademy.com\/v3\/de\/programme\/juniorprogramm\/\",\"name\":\"Juniorprogramm - Bozovic Tennis Academy\",\"isPartOf\":{\"@id\":\"https:\/\/bozovictennisacademy.com\/v3\/#website\"},\"primaryImageOfPage\":{\"@id\":\"https:\/\/bozovictennisacademy.com\/v3\/de\/programme\/juniorprogramm\/#primaryimage\"},\"image\":{\"@id\":\"https:\/\/bozovictennisacademy.com\/v3\/de\/programme\/juniorprogramm\/#primaryimage\"},\"thumbnailUrl\":\"https:\/\/bozovictennisacademy.com\/v3\/wp-content\/uploads\/2024\/05\/gi_juniors_12.jpg\",\"datePublished\":\"2022-05-09T11:54:18+00:00\",\"dateModified\":\"2025-07-01T12:48:40+00:00\",\"description\":\"Es ist ein Aufbauprogramm f\u00fcr diejenigen, die ihr Spiel auf ein h\u00f6heres Niveau bringen und ihr Ranking verbessern wollen.\",\"breadcrumb\":{\"@id\":\"https:\/\/bozovictennisacademy.com\/v3\/de\/programme\/juniorprogramm\/#breadcrumb\"},\"inLanguage\":\"en-US\",\"potentialAction\":[{\"@type\":\"ReadAction\",\"target\":[\"https:\/\/bozovictennisacademy.com\/v3\/de\/programme\/juniorprogramm\/\"]}]},{\"@type\":\"ImageObject\",\"inLanguage\":\"en-US\",\"@id\":\"https:\/\/bozovictennisacademy.com\/v3\/de\/programme\/juniorprogramm\/#primaryimage\",\"url\":\"https:\/\/bozovictennisacademy.com\/v3\/wp-content\/uploads\/2024\/05\/gi_juniors_12.jpg\",\"contentUrl\":\"https:\/\/bozovictennisacademy.com\/v3\/wp-content\/uploads\/2024\/05\/gi_juniors_12.jpg\",\"width\":1280,\"height\":854},{\"@type\":\"BreadcrumbList\",\"@id\":\"https:\/\/bozovictennisacademy.com\/v3\/de\/programme\/juniorprogramm\/#breadcrumb\",\"itemListElement\":[{\"@type\":\"ListItem\",\"position\":1,\"name\":\"Home\",\"item\":\"https:\/\/bozovictennisacademy.com\/v3\/\"},{\"@type\":\"ListItem\",\"position\":2,\"name\":\"Programme und Dienstleistungen\",\"item\":\"https:\/\/bozovictennisacademy.com\/v3\/de\/programme\/\"},{\"@type\":\"ListItem\",\"position\":3,\"name\":\"Juniorprogramm\"}]},{\"@type\":\"WebSite\",\"@id\":\"https:\/\/bozovictennisacademy.com\/v3\/#website\",\"url\":\"https:\/\/bozovictennisacademy.com\/v3\/\",\"name\":\"Bozovic Tennis Academy\",\"description\":\"\",\"potentialAction\":[{\"@type\":\"SearchAction\",\"target\":{\"@type\":\"EntryPoint\",\"urlTemplate\":\"https:\/\/bozovictennisacademy.com\/v3\/?s={search_term_string}\"},\"query-input\":{\"@type\":\"PropertyValueSpecification\",\"valueRequired\":true,\"valueName\":\"search_term_string\"}}],\"inLanguage\":\"en-US\"}]}<\/script>\n<!-- \/ Yoast SEO plugin. -->","yoast_head_json":{"title":"Juniorprogramm - Bozovic Tennis Academy","description":"Es ist ein Aufbauprogramm f\u00fcr diejenigen, die ihr Spiel auf ein h\u00f6heres Niveau bringen und ihr Ranking verbessern wollen.","robots":{"index":"index","follow":"follow","max-snippet":"max-snippet:-1","max-image-preview":"max-image-preview:large","max-video-preview":"max-video-preview:-1"},"canonical":"https:\/\/bozovictennisacademy.com\/v3\/de\/programme\/juniorprogramm\/","og_locale":"en_US","og_type":"article","og_title":"Juniorprogramm - Bozovic Tennis Academy","og_description":"Es ist ein Aufbauprogramm f\u00fcr diejenigen, die ihr Spiel auf ein h\u00f6heres Niveau bringen und ihr Ranking verbessern wollen.","og_url":"https:\/\/bozovictennisacademy.com\/v3\/de\/programme\/juniorprogramm\/","og_site_name":"Bozovic Tennis Academy","article_publisher":"https:\/\/www.facebook.com\/bozovictennisacademy\/","article_modified_time":"2025-07-01T12:48:40+00:00","og_image":[{"width":1280,"height":854,"url":"https:\/\/bozovictennisacademy.com\/v3\/wp-content\/uploads\/2024\/05\/gi_juniors_12.jpg","type":"image\/jpeg"}],"twitter_card":"summary_large_image","twitter_misc":{"Est. reading time":"3 minutes"},"schema":{"@context":"https:\/\/schema.org","@graph":[{"@type":"WebPage","@id":"https:\/\/bozovictennisacademy.com\/v3\/de\/programme\/juniorprogramm\/","url":"https:\/\/bozovictennisacademy.com\/v3\/de\/programme\/juniorprogramm\/","name":"Juniorprogramm - Bozovic Tennis Academy","isPartOf":{"@id":"https:\/\/bozovictennisacademy.com\/v3\/#website"},"primaryImageOfPage":{"@id":"https:\/\/bozovictennisacademy.com\/v3\/de\/programme\/juniorprogramm\/#primaryimage"},"image":{"@id":"https:\/\/bozovictennisacademy.com\/v3\/de\/programme\/juniorprogramm\/#primaryimage"},"thumbnailUrl":"https:\/\/bozovictennisacademy.com\/v3\/wp-content\/uploads\/2024\/05\/gi_juniors_12.jpg","datePublished":"2022-05-09T11:54:18+00:00","dateModified":"2025-07-01T12:48:40+00:00","description":"Es ist ein Aufbauprogramm f\u00fcr diejenigen, die ihr Spiel auf ein h\u00f6heres Niveau bringen und ihr Ranking verbessern wollen.","breadcrumb":{"@id":"https:\/\/bozovictennisacademy.com\/v3\/de\/programme\/juniorprogramm\/#breadcrumb"},"inLanguage":"en-US","potentialAction":[{"@type":"ReadAction","target":["https:\/\/bozovictennisacademy.com\/v3\/de\/programme\/juniorprogramm\/"]}]},{"@type":"ImageObject","inLanguage":"en-US","@id":"https:\/\/bozovictennisacademy.com\/v3\/de\/programme\/juniorprogramm\/#primaryimage","url":"https:\/\/bozovictennisacademy.com\/v3\/wp-content\/uploads\/2024\/05\/gi_juniors_12.jpg","contentUrl":"https:\/\/bozovictennisacademy.com\/v3\/wp-content\/uploads\/2024\/05\/gi_juniors_12.jpg","width":1280,"height":854},{"@type":"BreadcrumbList","@id":"https:\/\/bozovictennisacademy.com\/v3\/de\/programme\/juniorprogramm\/#breadcrumb","itemListElement":[{"@type":"ListItem","position":1,"name":"Home","item":"https:\/\/bozovictennisacademy.com\/v3\/"},{"@type":"ListItem","position":2,"name":"Programme und Dienstleistungen","item":"https:\/\/bozovictennisacademy.com\/v3\/de\/programme\/"},{"@type":"ListItem","position":3,"name":"Juniorprogramm"}]},{"@type":"WebSite","@id":"https:\/\/bozovictennisacademy.com\/v3\/#website","url":"https:\/\/bozovictennisacademy.com\/v3\/","name":"Bozovic Tennis Academy","description":"","potentialAction":[{"@type":"SearchAction","target":{"@type":"EntryPoint","urlTemplate":"https:\/\/bozovictennisacademy.com\/v3\/?s={search_term_string}"},"query-input":{"@type":"PropertyValueSpecification","valueRequired":true,"valueName":"search_term_string"}}],"inLanguage":"en-US"}]}},"_links":{"self":[{"href":"https:\/\/bozovictennisacademy.com\/v3\/wp-json\/wp\/v2\/pages\/2428","targetHints":{"allow":["GET"]}}],"collection":[{"href":"https:\/\/bozovictennisacademy.com\/v3\/wp-json\/wp\/v2\/pages"}],"about":[{"href":"https:\/\/bozovictennisacademy.com\/v3\/wp-json\/wp\/v2\/types\/page"}],"author":[{"embeddable":true,"href":"https:\/\/bozovictennisacademy.com\/v3\/wp-json\/wp\/v2\/users\/1"}],"replies":[{"embeddable":true,"href":"https:\/\/bozovictennisacademy.com\/v3\/wp-json\/wp\/v2\/comments?post=2428"}],"version-history":[{"count":12,"href":"https:\/\/bozovictennisacademy.com\/v3\/wp-json\/wp\/v2\/pages\/2428\/revisions"}],"predecessor-version":[{"id":5196,"href":"https:\/\/bozovictennisacademy.com\/v3\/wp-json\/wp\/v2\/pages\/2428\/revisions\/5196"}],"up":[{"embeddable":true,"href":"https:\/\/bozovictennisacademy.com\/v3\/wp-json\/wp\/v2\/pages\/2425"}],"wp:featuredmedia":[{"embeddable":true,"href":"https:\/\/bozovictennisacademy.com\/v3\/wp-json\/wp\/v2\/media\/4528"}],"wp:attachment":[{"href":"https:\/\/bozovictennisacademy.com\/v3\/wp-json\/wp\/v2\/media?parent=2428"}],"curies":[{"name":"wp","href":"https:\/\/api.w.org\/{rel}","templated":true}]}}