{"id":2434,"date":"2022-05-09T12:01:36","date_gmt":"2022-05-09T12:01:36","guid":{"rendered":"http:\/\/bozovictennisacademy.com\/v3\/?page_id=2434"},"modified":"2025-07-01T12:49:55","modified_gmt":"2025-07-01T12:49:55","slug":"kinder-tennisschule","status":"publish","type":"page","link":"https:\/\/bozovictennisacademy.com\/v3\/de\/programme\/kinder-tennisschule\/","title":{"rendered":"Kinder Tennisschule"},"content":{"rendered":"<div id=\"pl-2434\"  class=\"panel-layout\" ><div id=\"pg-2434-0\"  class=\"panel-grid panel-no-style\" ><div id=\"pgc-2434-0-0\"  class=\"panel-grid-cell\" ><div id=\"panel-2434-0-0-0\" class=\"so-panel widget widget_sow-editor panel-first-child panel-last-child\" data-index=\"0\" ><div\n\t\t\t\n\t\t\tclass=\"so-widget-sow-editor so-widget-sow-editor-base\"\n\t\t\t\n\t\t>\n<div class=\"siteorigin-widget-tinymce textwidget\">\n\t<p><img loading=\"lazy\" decoding=\"async\" class=\"alignnone size-full wp-image-4572\" src=\"https:\/\/bozovictennisacademy.com\/v3\/wp-content\/uploads\/2024\/05\/gi_kids_23.jpg\" alt=\"\" width=\"1280\" height=\"854\" srcset=\"https:\/\/bozovictennisacademy.com\/v3\/wp-content\/uploads\/2024\/05\/gi_kids_23.jpg 1280w, https:\/\/bozovictennisacademy.com\/v3\/wp-content\/uploads\/2024\/05\/gi_kids_23-300x200.jpg 300w, https:\/\/bozovictennisacademy.com\/v3\/wp-content\/uploads\/2024\/05\/gi_kids_23-1024x683.jpg 1024w, https:\/\/bozovictennisacademy.com\/v3\/wp-content\/uploads\/2024\/05\/gi_kids_23-768x512.jpg 768w, https:\/\/bozovictennisacademy.com\/v3\/wp-content\/uploads\/2024\/05\/gi_kids_23-272x182.jpg 272w\" sizes=\"auto, (max-width: 1280px) 100vw, 1280px\" \/><\/p>\n<\/div>\n<\/div><\/div><\/div><\/div><div id=\"pg-2434-1\"  class=\"panel-grid panel-no-style\" ><div id=\"pgc-2434-1-0\"  class=\"panel-grid-cell\" ><div id=\"panel-2434-1-0-0\" class=\"so-panel widget widget_sow-editor panel-first-child panel-last-child\" data-index=\"1\" ><div\n\t\t\t\n\t\t\tclass=\"so-widget-sow-editor so-widget-sow-editor-base\"\n\t\t\t\n\t\t>\n<div class=\"siteorigin-widget-tinymce textwidget\">\n\t<h4>Programmbeschreibung<\/h4>\n<p>M\u00f6chten Sie ihre Kinder zum Tennisspielen motivieren? Vielleicht haben ihre Kinder sie beim Spielen gesehen und sind daran interessiert, ebenfalls das Tennisspiel zu erlernen? Tennis ist ein fantastischer Sport mit vielen k\u00f6rperlichen und sozialen Vorteilen f\u00fcr alle Altersstufen. Der Tennisunterricht in der Bozovic Tennis Academy ist die perfekte Umgebung, um die F\u00e4higkeiten und die Liebe zum Tennissport zu entwickeln.<\/p>\n<p>In der Bozovic Tennis Academy bieten wir ein breites Angebot f\u00fcr Kindertenniskurse aller Altersgruppen und Spielst\u00e4rken an. Egal, ob ihr Kind gerade erst angefangen hat oder schon ein kleiner Star ist, wir sind da, um sie mit dem besten Junior-Tennis-Programm in der Schweiz zu unterst\u00fctzen. Bei allen Tennisstunden der Kinder steht der Spass im Vordergrund, damit den Kindern das bestm\u00f6gliche Erlebnis geboten wird.<\/p>\n<p>Im Kinderprogramm der Bozovic Tennis Academy m\u00f6chten wir Kindern das Tennisspiel durch unterhaltsame, spannende und herausfordernde Spiele und Aktivit\u00e4ten n\u00e4herbringen, welche sich an die verschiedenen Altersgruppen und Spielst\u00e4rken innerhalb der Akademie anpassen und eignen. Unser Kinderprogramm wurde entwickelt, die Begeisterung und das Interesse der Kinder im Tennis zu f\u00f6rdern, indem wir eine qualitativ hochwertige Einf\u00fchrung in den Tennissport bieten.<\/p>\n<p>Eine neue Sportart zu entdecken - n\u00e4mlich den Tennissport - ist eine grossartige M\u00f6glichkeit f\u00fcr Kinder, nicht nur neue Geschicklichkeiten und Techniken zu entdecken, sondern auch eine perfekte Gelegenheit, Freundschaften zu schliessen und andere Qualit\u00e4ten wie Teamf\u00e4higkeit, Belastbarkeit und Konzentration zu erlernen.<\/p>\n<p><strong>TENNIS IST EINE GROSSARTIGE SPORTART, DIE SCHON IN JUNGEN JAHREN ERLERNT WERDEN KANN. UNSERE PROGARMME UND KURSE SIND DAHER DER PERFEKTE WEG F\u00dcR JUNGE MENSCHEN SICH IN DER SPORTART ZU ENTWICKELN.<\/strong><\/p>\n<p>In der Bozovic Tennis Academy sind unsere Experten qualifizierte und lizenzierte Trainer, die ein ideales Umfeld zum Erlernen des Tennisspiels bieten.<\/p>\n<p>Egal, ob ihr Kind jung ist und noch nie einen Schl\u00e4ger in die Hand genommen hat oder schon etwas \u00e4lter ist und sich darauf freut, sein Spiel auf die n\u00e4chste Stufe zu bringen: wir finden das richtige Training und helfen ihm, sein Potenzial auszusch\u00f6pfen und dabei viel Spass zu haben.<\/p>\n<p><strong>DER PERFEKTE WEG, AKTIV ZU BLEIBEN<\/strong><\/p>\n<p>Wenn sich Kinder schon fr\u00fch f\u00fcr Tennis begeistern, k\u00f6nnen sie ein Interesse an einem Hobby entwickeln, das sie ihr ganzes Leben lang aus\u00fcben k\u00f6nnen.<\/p>\n<p>Es ist ein Sport, den Familien zusammenspielen k\u00f6nnen \u2013 sei es bei Freundschaftsspielen in den Ferien oder bei Matchs, bei denen der Wettkampfgeist geweckt wird. Mit erwerben einer soliden Grundlage in den Regeln und Techniken des Tennissports, lernen sie einen Sport kennen, den sie das ganze Jahr geniessen k\u00f6nnen.<\/p>\n<p>Ausserdem ist es eine grossartige M\u00f6glichkeit, fit zu bleiben. Beim Tennis ist man st\u00e4ndig in Bewegung, dreht und wendet sich. Es werden alle Muskeln des K\u00f6rpers beansprucht. Das ist vor allem gut f\u00fcr die Fitness des Herz-Kreislauf-Systems und f\u00f6rdert zudem die allgemeine Kraft und Beweglichkeit.<\/p>\n<p><strong>Programm Tennis 10s<br \/>\n<\/strong><\/p>\n<p>Tennis 10s ist ein Programm des internationalen Tennisverbands, das auf fortschrittliche Weise langsame, weniger springende B\u00e4lle, k\u00fcrzere und leichtere Schl\u00e4ger sowie kleinere Pl\u00e4tze einf\u00fchrt. Das Konzept basiert auf der Idee, Kindern den Einstieg in den Tennissport zu erleichtern.<\/p>\n<p>Die Platz-, Ball- und Schl\u00e4gergr\u00f6sse ist auf die F\u00e4higkeiten und das Alter abgestimmt. Es beginnt mit der \u201eroten\u201c Stufe, auf die die \u201eorangefarbene\u201c und schliesslich die \u201egr\u00fcne\u201c Stufe folgt.<\/p>\n<p>Das Kinder-Tennis-Programm wurde entwickelt, um kleinen Kindern Grundkenntnisse, Koordination und das Ausf\u00fchren von Tennisschl\u00e4gen in einer spielerischen und spannenden Umgebung beizubringen. Dies ist ein Einf\u00fchrungsprogramm f\u00fcr junge Anf\u00e4nger und konzentriert sich auf die Grundschl\u00e4ge, Motorik und die Hand-Augen-Koordination. Es ist ein wichtiges Programm. Wir beginnen n\u00e4mlich die Geschicklichkeit der Spieler zu entwickeln und ihr Bewusstsein zu sch\u00e4rfen damit sie sich erfolgreich durch ihre Tennislaufbahn bewegen und die soziale, mentale und k\u00f6rperliche Entwicklung gef\u00f6rdert wird.<\/p>\n<h5><span style=\"color: #ff0000;\">Stufe Rot<\/span><\/h5>\n<p><img loading=\"lazy\" decoding=\"async\" class=\"alignnone wp-image-1420 size-full\" src=\"http:\/\/bozovictennisacademy.com\/v3\/wp-content\/uploads\/2021\/10\/programi_kids_crveni.gif\" alt=\"\" width=\"258\" height=\"135\" \/><br \/>\n<strong>Gr\u00f6\u00dfe des roten Platzes:<\/strong> 3m \u00d7 8.2m or 5.5m x 8.2m<\/p>\n<p><strong>Tennisball:<\/strong> Roter Ball (25 Prozent Kompression)<\/p>\n<p>Durch lustige und unterhaltsame Trainingsspiele lernen die Kinder grundlegende Fertigkeiten, Umgangsformen und Sicherheit beim Tennisspielen und haben die M\u00f6glichkeit, sich mit anderen Kindern \u00e4hnlicher Altersgruppe und Spielst\u00e4rken auszutauschen. \u00abStufe Rot\u00bb ist ein Einsteigerkurs, in dem die Kinder die Grundlagen des Tennisspiels erlernen einschliesslich Ballwechsel, einfache Punktevergabe, Service (Aufschlag) sowie den Wettkampfgeist. Der Kurs ist f\u00fcr alle Kinder zwischen 5 und 8 Jahre geeignet, unabh\u00e4ngig von ihrer Spielst\u00e4rke. Die Kinder k\u00f6nnen zu jedem Zeitpunkt des Jahres einsteigen. Die Unterrichtsgruppen haben abgestufte Unterrichtspl\u00e4ne, um die Kinder entsprechend zu f\u00f6rdern und ihre Spielst\u00e4rke zu finden. Es besteht keine Eile, die Kinder aus der \u00abStufe Rot\u00bb in die n\u00e4chste Stufe zu bringen. Manchmal bleiben sie vielleicht 3 Jahre lang in der \u00abStufe Rot\u00bb. Wichtig ist, dass die Kinder alle Seiten des Tennissports in einer Umgebung kennenlernen, die ihrer K\u00f6rpergr\u00f6sse und F\u00e4higkeiten entsprechen. Zudem f\u00fchren wir in der \u00abStufe Rot\u00bb die Kinder in unser eigen konzipiertes Wettkampfspiel ein. Dies ist ein kostenloses Zusatzangebot der Akademie, bei dem die Kinder das im Unterricht Erlernte gegen andere Kinder aus der Akademie in einer unterhaltsamen, vom Trainer gef\u00fchrten Teamumgebung anwenden k\u00f6nnen. Ebenfalls veranstalten wir club\u00fcbergreifende Teamevents.<\/p>\n<h5><span style=\"color: #ff6600;\"><strong>Stufe Orange<\/strong><\/span><\/h5>\n<p><img loading=\"lazy\" decoding=\"async\" class=\"alignnone wp-image-1430 size-full\" src=\"http:\/\/bozovictennisacademy.com\/v3\/wp-content\/uploads\/2021\/10\/programi_kids_narandzasti.gif\" alt=\"\" width=\"224\" height=\"135\" \/><br \/>\n<strong>Gr\u00f6\u00dfe des orangen Platzes:<\/strong> 6.4m x 18.3m<\/p>\n<p><strong>Tennisball:<\/strong> Oranger Ball (50 Prozent Kompression)<\/p>\n<p>Unser Programm folgt dem neuesten Swiss Kids Tennis Format f\u00fcr altersgerechten Tennisunterricht und Tennisspiel. Dieses Trainingsformat ist eine bew\u00e4hrte Form, in dem junge Spielerinnen und Spieler ihre technischen F\u00e4higkeiten schneller verbessern und ein besseres Verst\u00e4ndnis f\u00fcr das Spiel erlangen, w\u00e4hrend sie gleichzeitig Spass am Tennis haben. Das Hauptziel ist es, die Kinder zu unterst\u00fctzen mit der Vermittlung von grundlegenden Bewegungsfertigkeiten auf positive und spielerische Weise.<\/p>\n<h5><span style=\"color: #00ff00;\">Stufe Gr\u00fcn<\/span><\/h5>\n<p><img loading=\"lazy\" decoding=\"async\" class=\"alignnone wp-image-1431 size-full\" src=\"http:\/\/bozovictennisacademy.com\/v3\/wp-content\/uploads\/2021\/10\/programi_kids_zeleni.gif\" alt=\"\" width=\"224\" height=\"134\" \/><br \/>\n<strong>Gr\u00f6\u00dfe des gr\u00fcnen Platzes:<\/strong> 10.0m x 23.7m<\/p>\n<p><strong>Tennisball:<\/strong> Gr\u00fcner Ball (75 Prozent Kompression)<\/p>\n<p>In der \u201eStufe Gr\u00fcn\u201c wird auf der vollen Spielfeldgr\u00f6sse gespielt. Es werden etwas weichere B\u00e4lle verwendet, so dass der Ball nicht ganz so stark abprallt und die Ballwechsel etwas langsamer sind. Das erleichtert das Tennisspiel und f\u00f6rdert den Spass und die Erfolge der Kinder. F\u00fcr das allgemeine \u201eStufe Gr\u00fcn\u201c-Programm gibt es keine Mindestanforderungen, und die Kinder k\u00f6nnen zu jeder Zeit im Jahr in das Programm einsteigen. In dieser Phase werden die Spieler in allen technischen und taktischen Bereichen des Spiels unterrichtet und \u2013 hoffentlich \u2013 dazu gebracht, regelm\u00e4ssig an Interclub-Spielen oder Academy-internen Wettk\u00e4mpfen teilzunehmen. Dieses Programm richtet sich an den wettkampforientierten \u201eStufe Gr\u00fcn\u201c-Spieler. F\u00fcr dieses Programm ist ein Mindestspielniveau erforderlich, und es wird erwartet, dass die Spieler regelm\u00e4ssig Privatunterricht nehmen und an regelm\u00e4ssigen Einzel- oder Mannschaftsturnieren und -veranstaltungen teilnehmen.<\/p>\n<p>Dieses Programm ist speziell darauf ausgerichtet, selbstbewusste junge Tennisspielerinnen und -spieler auszubilden und sie zu ermutigen, Tennis als Hauptsportart zu betreiben. Jedes Kind lernt in einer entspannten und spielerischen Umgebung, wobei der Schwerpunkt auf interaktivem Lernen durch zielgerichtete Trainings\u00fcbungen liegt. Mit Hilfe der Kinder-Tennishefte verfolgen die Trainer jede Woche die Fortschritte der Spielerinnen und Spieler. Ausserdem besteht die M\u00f6glichkeit, zu Hause online in der Kids Tennis High School (auf der <a href=\"https:\/\/www.kidstennis.ch\/\" target=\"_blank\" rel=\"noopener\">Swiss Kids Tennis website<\/a>) weiter zu lernen.<\/p>\n<\/div>\n<\/div><\/div><\/div><\/div><div id=\"pg-2434-2\"  class=\"panel-grid panel-no-style\" ><div id=\"pgc-2434-2-0\"  class=\"panel-grid-cell\" ><div id=\"panel-2434-2-0-0\" class=\"so-panel widget widget_sow-editor panel-first-child panel-last-child\" data-index=\"2\" ><div\n\t\t\t\n\t\t\tclass=\"so-widget-sow-editor so-widget-sow-editor-base\"\n\t\t\t\n\t\t>\n<div class=\"siteorigin-widget-tinymce textwidget\">\n\t<p><div class=\"embed-responsive  embed-responsive-16by9\"><iframe loading=\"lazy\" title=\"Kids Tennis Program \u2b50 Highlights\" width=\"1140\" height=\"641\" src=\"https:\/\/www.youtube.com\/embed\/F9HCTUclYec?feature=oembed\" frameborder=\"0\" allow=\"accelerometer; autoplay; clipboard-write; encrypted-media; gyroscope; picture-in-picture; web-share\" referrerpolicy=\"strict-origin-when-cross-origin\" allowfullscreen><\/iframe><\/div><\/p>\n<\/div>\n<\/div><\/div><\/div><\/div><\/div>","protected":false},"excerpt":{"rendered":"<p>M\u00f6chten Sie ihre Kinder zum Tennisspielen motivieren? Vielleicht haben ihre Kinder sie beim Spielen gesehen und sind daran interessiert, ebenfalls das Tennisspiel zu erlernen? <\/p>\n","protected":false},"author":1,"featured_media":4572,"parent":2425,"menu_order":0,"comment_status":"closed","ping_status":"closed","template":"","meta":{"_acf_changed":false,"footnotes":""},"class_list":{"0":"post-2434","1":"page","2":"type-page","3":"status-publish","4":"has-post-thumbnail","6":"clearfix","7":"article"},"acf":[],"yoast_head":"<!-- This site is optimized with the Yoast SEO plugin v27.1.1 - https:\/\/yoast.com\/product\/yoast-seo-wordpress\/ -->\n<title>Kinder Tennisschule - Bozovic Tennis Academy<\/title>\n<meta name=\"description\" content=\"M\u00f6chten Sie ihre Kinder zum Tennisspielen motivieren? Vielleicht haben ihre Kinder sie beim Spielen gesehen und sind daran interessiert, ebenfalls das Tennisspiel zu erlernen?\" \/>\n<meta name=\"robots\" content=\"index, follow, max-snippet:-1, max-image-preview:large, max-video-preview:-1\" \/>\n<link rel=\"canonical\" href=\"https:\/\/bozovictennisacademy.com\/v3\/de\/programme\/kinder-tennisschule\/\" \/>\n<meta property=\"og:locale\" content=\"en_US\" \/>\n<meta property=\"og:type\" content=\"article\" \/>\n<meta property=\"og:title\" content=\"Kinder Tennisschule - Bozovic Tennis Academy\" \/>\n<meta property=\"og:description\" content=\"M\u00f6chten Sie ihre Kinder zum Tennisspielen motivieren? Vielleicht haben ihre Kinder sie beim Spielen gesehen und sind daran interessiert, ebenfalls das Tennisspiel zu erlernen?\" \/>\n<meta property=\"og:url\" content=\"https:\/\/bozovictennisacademy.com\/v3\/de\/programme\/kinder-tennisschule\/\" \/>\n<meta property=\"og:site_name\" content=\"Bozovic Tennis Academy\" \/>\n<meta property=\"article:publisher\" content=\"https:\/\/www.facebook.com\/bozovictennisacademy\/\" \/>\n<meta property=\"article:modified_time\" content=\"2025-07-01T12:49:55+00:00\" \/>\n<meta property=\"og:image\" content=\"https:\/\/bozovictennisacademy.com\/v3\/wp-content\/uploads\/2024\/05\/gi_kids_23.jpg\" \/>\n\t<meta property=\"og:image:width\" content=\"1280\" \/>\n\t<meta property=\"og:image:height\" content=\"854\" \/>\n\t<meta property=\"og:image:type\" content=\"image\/jpeg\" \/>\n<meta name=\"twitter:card\" content=\"summary_large_image\" \/>\n<meta name=\"twitter:label1\" content=\"Est. reading time\" \/>\n\t<meta name=\"twitter:data1\" content=\"6 minutes\" \/>\n<script type=\"application\/ld+json\" class=\"yoast-schema-graph\">{\"@context\":\"https:\/\/schema.org\",\"@graph\":[{\"@type\":\"WebPage\",\"@id\":\"https:\/\/bozovictennisacademy.com\/v3\/de\/programme\/kinder-tennisschule\/\",\"url\":\"https:\/\/bozovictennisacademy.com\/v3\/de\/programme\/kinder-tennisschule\/\",\"name\":\"Kinder Tennisschule - Bozovic Tennis Academy\",\"isPartOf\":{\"@id\":\"https:\/\/bozovictennisacademy.com\/v3\/#website\"},\"primaryImageOfPage\":{\"@id\":\"https:\/\/bozovictennisacademy.com\/v3\/de\/programme\/kinder-tennisschule\/#primaryimage\"},\"image\":{\"@id\":\"https:\/\/bozovictennisacademy.com\/v3\/de\/programme\/kinder-tennisschule\/#primaryimage\"},\"thumbnailUrl\":\"https:\/\/bozovictennisacademy.com\/v3\/wp-content\/uploads\/2024\/05\/gi_kids_23.jpg\",\"datePublished\":\"2022-05-09T12:01:36+00:00\",\"dateModified\":\"2025-07-01T12:49:55+00:00\",\"description\":\"M\u00f6chten Sie ihre Kinder zum Tennisspielen motivieren? Vielleicht haben ihre Kinder sie beim Spielen gesehen und sind daran interessiert, ebenfalls das Tennisspiel zu erlernen?\",\"breadcrumb\":{\"@id\":\"https:\/\/bozovictennisacademy.com\/v3\/de\/programme\/kinder-tennisschule\/#breadcrumb\"},\"inLanguage\":\"en-US\",\"potentialAction\":[{\"@type\":\"ReadAction\",\"target\":[\"https:\/\/bozovictennisacademy.com\/v3\/de\/programme\/kinder-tennisschule\/\"]}]},{\"@type\":\"ImageObject\",\"inLanguage\":\"en-US\",\"@id\":\"https:\/\/bozovictennisacademy.com\/v3\/de\/programme\/kinder-tennisschule\/#primaryimage\",\"url\":\"https:\/\/bozovictennisacademy.com\/v3\/wp-content\/uploads\/2024\/05\/gi_kids_23.jpg\",\"contentUrl\":\"https:\/\/bozovictennisacademy.com\/v3\/wp-content\/uploads\/2024\/05\/gi_kids_23.jpg\",\"width\":1280,\"height\":854},{\"@type\":\"BreadcrumbList\",\"@id\":\"https:\/\/bozovictennisacademy.com\/v3\/de\/programme\/kinder-tennisschule\/#breadcrumb\",\"itemListElement\":[{\"@type\":\"ListItem\",\"position\":1,\"name\":\"Home\",\"item\":\"https:\/\/bozovictennisacademy.com\/v3\/\"},{\"@type\":\"ListItem\",\"position\":2,\"name\":\"Programme und Dienstleistungen\",\"item\":\"https:\/\/bozovictennisacademy.com\/v3\/de\/programme\/\"},{\"@type\":\"ListItem\",\"position\":3,\"name\":\"Kinder Tennisschule\"}]},{\"@type\":\"WebSite\",\"@id\":\"https:\/\/bozovictennisacademy.com\/v3\/#website\",\"url\":\"https:\/\/bozovictennisacademy.com\/v3\/\",\"name\":\"Bozovic Tennis Academy\",\"description\":\"\",\"potentialAction\":[{\"@type\":\"SearchAction\",\"target\":{\"@type\":\"EntryPoint\",\"urlTemplate\":\"https:\/\/bozovictennisacademy.com\/v3\/?s={search_term_string}\"},\"query-input\":{\"@type\":\"PropertyValueSpecification\",\"valueRequired\":true,\"valueName\":\"search_term_string\"}}],\"inLanguage\":\"en-US\"}]}<\/script>\n<!-- \/ Yoast SEO plugin. -->","yoast_head_json":{"title":"Kinder Tennisschule - Bozovic Tennis Academy","description":"M\u00f6chten Sie ihre Kinder zum Tennisspielen motivieren? Vielleicht haben ihre Kinder sie beim Spielen gesehen und sind daran interessiert, ebenfalls das Tennisspiel zu erlernen?","robots":{"index":"index","follow":"follow","max-snippet":"max-snippet:-1","max-image-preview":"max-image-preview:large","max-video-preview":"max-video-preview:-1"},"canonical":"https:\/\/bozovictennisacademy.com\/v3\/de\/programme\/kinder-tennisschule\/","og_locale":"en_US","og_type":"article","og_title":"Kinder Tennisschule - Bozovic Tennis Academy","og_description":"M\u00f6chten Sie ihre Kinder zum Tennisspielen motivieren? Vielleicht haben ihre Kinder sie beim Spielen gesehen und sind daran interessiert, ebenfalls das Tennisspiel zu erlernen?","og_url":"https:\/\/bozovictennisacademy.com\/v3\/de\/programme\/kinder-tennisschule\/","og_site_name":"Bozovic Tennis Academy","article_publisher":"https:\/\/www.facebook.com\/bozovictennisacademy\/","article_modified_time":"2025-07-01T12:49:55+00:00","og_image":[{"width":1280,"height":854,"url":"https:\/\/bozovictennisacademy.com\/v3\/wp-content\/uploads\/2024\/05\/gi_kids_23.jpg","type":"image\/jpeg"}],"twitter_card":"summary_large_image","twitter_misc":{"Est. reading time":"6 minutes"},"schema":{"@context":"https:\/\/schema.org","@graph":[{"@type":"WebPage","@id":"https:\/\/bozovictennisacademy.com\/v3\/de\/programme\/kinder-tennisschule\/","url":"https:\/\/bozovictennisacademy.com\/v3\/de\/programme\/kinder-tennisschule\/","name":"Kinder Tennisschule - Bozovic Tennis Academy","isPartOf":{"@id":"https:\/\/bozovictennisacademy.com\/v3\/#website"},"primaryImageOfPage":{"@id":"https:\/\/bozovictennisacademy.com\/v3\/de\/programme\/kinder-tennisschule\/#primaryimage"},"image":{"@id":"https:\/\/bozovictennisacademy.com\/v3\/de\/programme\/kinder-tennisschule\/#primaryimage"},"thumbnailUrl":"https:\/\/bozovictennisacademy.com\/v3\/wp-content\/uploads\/2024\/05\/gi_kids_23.jpg","datePublished":"2022-05-09T12:01:36+00:00","dateModified":"2025-07-01T12:49:55+00:00","description":"M\u00f6chten Sie ihre Kinder zum Tennisspielen motivieren? Vielleicht haben ihre Kinder sie beim Spielen gesehen und sind daran interessiert, ebenfalls das Tennisspiel zu erlernen?","breadcrumb":{"@id":"https:\/\/bozovictennisacademy.com\/v3\/de\/programme\/kinder-tennisschule\/#breadcrumb"},"inLanguage":"en-US","potentialAction":[{"@type":"ReadAction","target":["https:\/\/bozovictennisacademy.com\/v3\/de\/programme\/kinder-tennisschule\/"]}]},{"@type":"ImageObject","inLanguage":"en-US","@id":"https:\/\/bozovictennisacademy.com\/v3\/de\/programme\/kinder-tennisschule\/#primaryimage","url":"https:\/\/bozovictennisacademy.com\/v3\/wp-content\/uploads\/2024\/05\/gi_kids_23.jpg","contentUrl":"https:\/\/bozovictennisacademy.com\/v3\/wp-content\/uploads\/2024\/05\/gi_kids_23.jpg","width":1280,"height":854},{"@type":"BreadcrumbList","@id":"https:\/\/bozovictennisacademy.com\/v3\/de\/programme\/kinder-tennisschule\/#breadcrumb","itemListElement":[{"@type":"ListItem","position":1,"name":"Home","item":"https:\/\/bozovictennisacademy.com\/v3\/"},{"@type":"ListItem","position":2,"name":"Programme und Dienstleistungen","item":"https:\/\/bozovictennisacademy.com\/v3\/de\/programme\/"},{"@type":"ListItem","position":3,"name":"Kinder Tennisschule"}]},{"@type":"WebSite","@id":"https:\/\/bozovictennisacademy.com\/v3\/#website","url":"https:\/\/bozovictennisacademy.com\/v3\/","name":"Bozovic Tennis Academy","description":"","potentialAction":[{"@type":"SearchAction","target":{"@type":"EntryPoint","urlTemplate":"https:\/\/bozovictennisacademy.com\/v3\/?s={search_term_string}"},"query-input":{"@type":"PropertyValueSpecification","valueRequired":true,"valueName":"search_term_string"}}],"inLanguage":"en-US"}]}},"_links":{"self":[{"href":"https:\/\/bozovictennisacademy.com\/v3\/wp-json\/wp\/v2\/pages\/2434","targetHints":{"allow":["GET"]}}],"collection":[{"href":"https:\/\/bozovictennisacademy.com\/v3\/wp-json\/wp\/v2\/pages"}],"about":[{"href":"https:\/\/bozovictennisacademy.com\/v3\/wp-json\/wp\/v2\/types\/page"}],"author":[{"embeddable":true,"href":"https:\/\/bozovictennisacademy.com\/v3\/wp-json\/wp\/v2\/users\/1"}],"replies":[{"embeddable":true,"href":"https:\/\/bozovictennisacademy.com\/v3\/wp-json\/wp\/v2\/comments?post=2434"}],"version-history":[{"count":7,"href":"https:\/\/bozovictennisacademy.com\/v3\/wp-json\/wp\/v2\/pages\/2434\/revisions"}],"predecessor-version":[{"id":5200,"href":"https:\/\/bozovictennisacademy.com\/v3\/wp-json\/wp\/v2\/pages\/2434\/revisions\/5200"}],"up":[{"embeddable":true,"href":"https:\/\/bozovictennisacademy.com\/v3\/wp-json\/wp\/v2\/pages\/2425"}],"wp:featuredmedia":[{"embeddable":true,"href":"https:\/\/bozovictennisacademy.com\/v3\/wp-json\/wp\/v2\/media\/4572"}],"wp:attachment":[{"href":"https:\/\/bozovictennisacademy.com\/v3\/wp-json\/wp\/v2\/media?parent=2434"}],"curies":[{"name":"wp","href":"https:\/\/api.w.org\/{rel}","templated":true}]}}