{"id":3454,"date":"2023-09-26T20:42:04","date_gmt":"2023-09-26T20:42:04","guid":{"rendered":"http:\/\/bozovictennisacademy.com\/v3\/?page_id=3454"},"modified":"2025-12-03T21:06:53","modified_gmt":"2025-12-03T21:06:53","slug":"tophan-bulant","status":"publish","type":"page","link":"https:\/\/bozovictennisacademy.com\/v3\/de\/our-team\/tophan-bulant\/","title":{"rendered":"Tophan Bulant"},"content":{"rendered":"<div id=\"pl-3454\"  class=\"panel-layout\" ><div id=\"pg-3454-0\"  class=\"panel-grid panel-no-style\" ><div id=\"pgc-3454-0-0\"  class=\"panel-grid-cell\" ><div id=\"panel-3454-0-0-0\" class=\"so-panel widget widget_pw_person_profile widget-person-profile panel-first-child panel-last-child\" data-index=\"0\" >\n\t<div class=\"person-profile  h-card\">\n\t\t\t\t\t\t\t\t\t\t<div class=\"person-profile__carousel\" >\n\t\t\t\t\t\t\t\t\t<div class=\"person-profile__carousel-item\">\n\t\t\t\t\t\t\t\t\t\t\t\t\t<img decoding=\"async\" class=\"person-profile__image  wp-post-image  u-photo\" src=\"https:\/\/bozovictennisacademy.com\/v3\/wp-content\/uploads\/2025\/12\/Tophan-Bulant-05.jpg\" alt=\"Picture of Tophan Bulant\">\n\t\t\t\t\t\t\t\t\t\t\t<\/div>\n\t\t\t\t\t\t\t<\/div>\n\t\t\t\t<div class=\"person-profile__container\">\n\t\t\t<div class=\"person-profile__basic-info\">\n\t\t\t\t\t\t\t\t\t<h4 class=\"person-profile__name  p-name\">\n\t\t\t\t\t\t\t\t\t\tTophan Bulant\t\t\t\t\t\t\t\t\t\t<\/h4>\n\t\t\t\t\n\t\t\t\t\t\t\t\t\t<div class=\"person-profile__label\">\n\t\t\t\t\t\tErwachsenenspezialist\t\t\t\t\t<\/div>\n\t\t\t\t\n\t\t\t<\/div>\n\n\t\t\t\n\t\t\t\n\t\t\t\n\t\t\t\t\t\t\t<a class=\"btn  btn-secondary  btn-block  person-profile__button\" href=\"mailto:tophan_dacosta@hotmail.com\" target=\"_self\">Kontaktiere mich<\/a>\n\t\t\t\n\t\t<\/div>\n\t<\/div>\n\n<\/div><\/div><div id=\"pgc-3454-0-1\"  class=\"panel-grid-cell\" ><div id=\"panel-3454-0-1-0\" class=\"so-panel widget widget_sow-editor panel-first-child\" data-index=\"1\" ><div\n\t\t\t\n\t\t\tclass=\"so-widget-sow-editor so-widget-sow-editor-base\"\n\t\t\t\n\t\t><h3 class=\"widget-title\"><span class=\"widget-title__inline\">\u00dcber Tophan<\/span><\/h3>\n<div class=\"siteorigin-widget-tinymce textwidget\">\n\t<h6><em>Motto: \"Create, innovate &amp; inspire!\"<br \/>\n<\/em><\/h6>\n<p>Geburtsdatum: 14. Januar, 1992<br \/>\nGeburtsort: Bali, Indonesien<br \/>\nSprachen: Englisch, Deutsch, Indonesisch, Javanisch, Balinesisch<\/p>\n<p><strong>Seine Unterrichtsphilosophie:<\/strong><\/p>\n<p>Aus Freude entsteht Neugier.<br \/>\nDurch Neugier entsteht Erfahrung.<br \/>\nDurch Erfahrung entstehen Wachstum und Entwicklung, die sich in Ergebnissen niederschlagen.<\/p>\n<p><strong>Trainer-Highlights:<\/strong><\/p>\n<p>- 2009 Assistenztrainer f\u00fcr Ferienprogramme, Schlagpartner, Grassroots-Bigginer-Gruppenunterricht sowie Vollzeittraining als Athlet im Canggu Club Bali\/Canggu.<br \/>\n- 2010-2011 Vollstipendium in Australien als Vollzeitsportler, der zwei Jahre lang Wettkampftennis spielt und zu ITF-Wettbewerbsveranstaltungen reist.<br \/>\n- 2011\u20132016 6 Jahre lang Coaching beim Seriouse Tennis Doveton Tennis Club, wo er mit dem Hochleistungs- und Talentsuche-Trainer Justin Yeo in seinem Vollzeit-Athletenprogramm und au\u00dferschulischen Coachingprogramm zusammenarbeitete. Bau des allerersten Sandplatz-Mini-Tenniszentrums f\u00fcr das Kinderprogramm mit Kompressionsb\u00e4llen in Rot, Orange und Gr\u00fcn in Australien.<br \/>\n- 2016-2021 Coaching beim Tennis Train Doveton Tennis Club, als das neue Unternehmen den Club \u00fcbernahm und ich gebeten wurde, am Veranstaltungsort weiterzumachen, da die Beziehung zwischen Spielern, Comity und der Tennis-Community \u00fcber die Jahre aufgebaut wurde und konnte Wir haben ein positives Umfeld geschaffen, in dem Kinder und Sportler wachsen und sich entwickeln k\u00f6nnen, ebenso wie Mitgliedschafts- und Tennisprogramme an \u00f6rtlichen Schulen.<br \/>\n- 2021 Aus famili\u00e4ren Gr\u00fcnden eine Auszeit vom Coaching genommen.<br \/>\n- 2022\/2023 Coaching beim Tennisclub Thrive Tennis Doveton.<\/p>\n<p><strong>Mentorin:<\/strong><\/p>\n<p>- Justin Yeo (Gr\u00fcnder und leitender Entwicklungstrainer des nationalen Talentsuchprogramms 2011\u20132016)<\/p>\n<\/div>\n<\/div><\/div><div id=\"panel-3454-0-1-1\" class=\"so-panel widget widget_sow-editor panel-last-child\" data-index=\"2\" ><div\n\t\t\t\n\t\t\tclass=\"so-widget-sow-editor so-widget-sow-editor-base\"\n\t\t\t\n\t\t>\n<div class=\"siteorigin-widget-tinymce textwidget\">\n\t<h3>Google Reviews<\/h3>\n<p><img loading=\"lazy\" decoding=\"async\" class=\"alignnone size-full wp-image-4089\" src=\"https:\/\/bozovictennisacademy.com\/v3\/wp-content\/uploads\/2024\/03\/Reviews_Tophan_1.jpg\" alt=\"\" width=\"347\" height=\"199\" srcset=\"https:\/\/bozovictennisacademy.com\/v3\/wp-content\/uploads\/2024\/03\/Reviews_Tophan_1.jpg 347w, https:\/\/bozovictennisacademy.com\/v3\/wp-content\/uploads\/2024\/03\/Reviews_Tophan_1-300x172.jpg 300w\" sizes=\"auto, (max-width: 347px) 100vw, 347px\" \/><\/p>\n<\/div>\n<\/div><\/div><\/div><\/div><\/div>","protected":false},"excerpt":{"rendered":"<p>Aus Freude entsteht Neugier. Durch Neugier entsteht Erfahrung. Durch Erfahrung entstehen Wachstum und Entwicklung, die sich in Ergebnissen niederschlagen.<\/p>\n","protected":false},"author":1,"featured_media":3425,"parent":2346,"menu_order":0,"comment_status":"closed","ping_status":"closed","template":"","meta":{"_acf_changed":false,"footnotes":""},"class_list":{"0":"post-3454","1":"page","2":"type-page","3":"status-publish","4":"has-post-thumbnail","6":"clearfix","7":"article"},"acf":[],"yoast_head":"<!-- This site is optimized with the Yoast SEO plugin v27.1.1 - https:\/\/yoast.com\/product\/yoast-seo-wordpress\/ -->\n<title>Tophan Bulant - Bozovic Tennis Academy<\/title>\n<meta name=\"description\" content=\"Aus Freude entsteht Neugier. Durch Neugier entsteht Erfahrung. Durch Erfahrung entstehen Wachstum und Entwicklung, die sich in Ergebnissen niederschlagen.\" \/>\n<meta name=\"robots\" content=\"index, follow, max-snippet:-1, max-image-preview:large, max-video-preview:-1\" \/>\n<link rel=\"canonical\" href=\"https:\/\/bozovictennisacademy.com\/v3\/de\/our-team\/tophan-bulant\/\" \/>\n<meta property=\"og:locale\" content=\"en_US\" \/>\n<meta property=\"og:type\" content=\"article\" \/>\n<meta property=\"og:title\" content=\"Tophan Bulant - Bozovic Tennis Academy\" \/>\n<meta property=\"og:description\" content=\"Aus Freude entsteht Neugier. Durch Neugier entsteht Erfahrung. Durch Erfahrung entstehen Wachstum und Entwicklung, die sich in Ergebnissen niederschlagen.\" \/>\n<meta property=\"og:url\" content=\"https:\/\/bozovictennisacademy.com\/v3\/de\/our-team\/tophan-bulant\/\" \/>\n<meta property=\"og:site_name\" content=\"Bozovic Tennis Academy\" \/>\n<meta property=\"article:publisher\" content=\"https:\/\/www.facebook.com\/bozovictennisacademy\/\" \/>\n<meta property=\"article:modified_time\" content=\"2025-12-03T21:06:53+00:00\" \/>\n<meta property=\"og:image\" content=\"https:\/\/bozovictennisacademy.com\/v3\/wp-content\/uploads\/2023\/09\/Tophan_small.jpg\" \/>\n\t<meta property=\"og:image:width\" content=\"860\" \/>\n\t<meta property=\"og:image:height\" content=\"645\" \/>\n\t<meta property=\"og:image:type\" content=\"image\/jpeg\" \/>\n<meta name=\"twitter:card\" content=\"summary_large_image\" \/>\n<meta name=\"twitter:label1\" content=\"Est. reading time\" \/>\n\t<meta name=\"twitter:data1\" content=\"2 minutes\" \/>\n<script type=\"application\/ld+json\" class=\"yoast-schema-graph\">{\"@context\":\"https:\/\/schema.org\",\"@graph\":[{\"@type\":\"WebPage\",\"@id\":\"https:\/\/bozovictennisacademy.com\/v3\/de\/our-team\/tophan-bulant\/\",\"url\":\"https:\/\/bozovictennisacademy.com\/v3\/de\/our-team\/tophan-bulant\/\",\"name\":\"Tophan Bulant - Bozovic Tennis Academy\",\"isPartOf\":{\"@id\":\"https:\/\/bozovictennisacademy.com\/v3\/#website\"},\"primaryImageOfPage\":{\"@id\":\"https:\/\/bozovictennisacademy.com\/v3\/de\/our-team\/tophan-bulant\/#primaryimage\"},\"image\":{\"@id\":\"https:\/\/bozovictennisacademy.com\/v3\/de\/our-team\/tophan-bulant\/#primaryimage\"},\"thumbnailUrl\":\"https:\/\/bozovictennisacademy.com\/v3\/wp-content\/uploads\/2023\/09\/Tophan_small.jpg\",\"datePublished\":\"2023-09-26T20:42:04+00:00\",\"dateModified\":\"2025-12-03T21:06:53+00:00\",\"description\":\"Aus Freude entsteht Neugier. Durch Neugier entsteht Erfahrung. Durch Erfahrung entstehen Wachstum und Entwicklung, die sich in Ergebnissen niederschlagen.\",\"breadcrumb\":{\"@id\":\"https:\/\/bozovictennisacademy.com\/v3\/de\/our-team\/tophan-bulant\/#breadcrumb\"},\"inLanguage\":\"en-US\",\"potentialAction\":[{\"@type\":\"ReadAction\",\"target\":[\"https:\/\/bozovictennisacademy.com\/v3\/de\/our-team\/tophan-bulant\/\"]}]},{\"@type\":\"ImageObject\",\"inLanguage\":\"en-US\",\"@id\":\"https:\/\/bozovictennisacademy.com\/v3\/de\/our-team\/tophan-bulant\/#primaryimage\",\"url\":\"https:\/\/bozovictennisacademy.com\/v3\/wp-content\/uploads\/2023\/09\/Tophan_small.jpg\",\"contentUrl\":\"https:\/\/bozovictennisacademy.com\/v3\/wp-content\/uploads\/2023\/09\/Tophan_small.jpg\",\"width\":860,\"height\":645},{\"@type\":\"BreadcrumbList\",\"@id\":\"https:\/\/bozovictennisacademy.com\/v3\/de\/our-team\/tophan-bulant\/#breadcrumb\",\"itemListElement\":[{\"@type\":\"ListItem\",\"position\":1,\"name\":\"Home\",\"item\":\"https:\/\/bozovictennisacademy.com\/v3\/\"},{\"@type\":\"ListItem\",\"position\":2,\"name\":\"Team\",\"item\":\"https:\/\/bozovictennisacademy.com\/v3\/de\/our-team\/\"},{\"@type\":\"ListItem\",\"position\":3,\"name\":\"Tophan Bulant\"}]},{\"@type\":\"WebSite\",\"@id\":\"https:\/\/bozovictennisacademy.com\/v3\/#website\",\"url\":\"https:\/\/bozovictennisacademy.com\/v3\/\",\"name\":\"Bozovic Tennis Academy\",\"description\":\"\",\"potentialAction\":[{\"@type\":\"SearchAction\",\"target\":{\"@type\":\"EntryPoint\",\"urlTemplate\":\"https:\/\/bozovictennisacademy.com\/v3\/?s={search_term_string}\"},\"query-input\":{\"@type\":\"PropertyValueSpecification\",\"valueRequired\":true,\"valueName\":\"search_term_string\"}}],\"inLanguage\":\"en-US\"}]}<\/script>\n<!-- \/ Yoast SEO plugin. -->","yoast_head_json":{"title":"Tophan Bulant - Bozovic Tennis Academy","description":"Aus Freude entsteht Neugier. Durch Neugier entsteht Erfahrung. Durch Erfahrung entstehen Wachstum und Entwicklung, die sich in Ergebnissen niederschlagen.","robots":{"index":"index","follow":"follow","max-snippet":"max-snippet:-1","max-image-preview":"max-image-preview:large","max-video-preview":"max-video-preview:-1"},"canonical":"https:\/\/bozovictennisacademy.com\/v3\/de\/our-team\/tophan-bulant\/","og_locale":"en_US","og_type":"article","og_title":"Tophan Bulant - Bozovic Tennis Academy","og_description":"Aus Freude entsteht Neugier. Durch Neugier entsteht Erfahrung. Durch Erfahrung entstehen Wachstum und Entwicklung, die sich in Ergebnissen niederschlagen.","og_url":"https:\/\/bozovictennisacademy.com\/v3\/de\/our-team\/tophan-bulant\/","og_site_name":"Bozovic Tennis Academy","article_publisher":"https:\/\/www.facebook.com\/bozovictennisacademy\/","article_modified_time":"2025-12-03T21:06:53+00:00","og_image":[{"width":860,"height":645,"url":"https:\/\/bozovictennisacademy.com\/v3\/wp-content\/uploads\/2023\/09\/Tophan_small.jpg","type":"image\/jpeg"}],"twitter_card":"summary_large_image","twitter_misc":{"Est. reading time":"2 minutes"},"schema":{"@context":"https:\/\/schema.org","@graph":[{"@type":"WebPage","@id":"https:\/\/bozovictennisacademy.com\/v3\/de\/our-team\/tophan-bulant\/","url":"https:\/\/bozovictennisacademy.com\/v3\/de\/our-team\/tophan-bulant\/","name":"Tophan Bulant - Bozovic Tennis Academy","isPartOf":{"@id":"https:\/\/bozovictennisacademy.com\/v3\/#website"},"primaryImageOfPage":{"@id":"https:\/\/bozovictennisacademy.com\/v3\/de\/our-team\/tophan-bulant\/#primaryimage"},"image":{"@id":"https:\/\/bozovictennisacademy.com\/v3\/de\/our-team\/tophan-bulant\/#primaryimage"},"thumbnailUrl":"https:\/\/bozovictennisacademy.com\/v3\/wp-content\/uploads\/2023\/09\/Tophan_small.jpg","datePublished":"2023-09-26T20:42:04+00:00","dateModified":"2025-12-03T21:06:53+00:00","description":"Aus Freude entsteht Neugier. Durch Neugier entsteht Erfahrung. Durch Erfahrung entstehen Wachstum und Entwicklung, die sich in Ergebnissen niederschlagen.","breadcrumb":{"@id":"https:\/\/bozovictennisacademy.com\/v3\/de\/our-team\/tophan-bulant\/#breadcrumb"},"inLanguage":"en-US","potentialAction":[{"@type":"ReadAction","target":["https:\/\/bozovictennisacademy.com\/v3\/de\/our-team\/tophan-bulant\/"]}]},{"@type":"ImageObject","inLanguage":"en-US","@id":"https:\/\/bozovictennisacademy.com\/v3\/de\/our-team\/tophan-bulant\/#primaryimage","url":"https:\/\/bozovictennisacademy.com\/v3\/wp-content\/uploads\/2023\/09\/Tophan_small.jpg","contentUrl":"https:\/\/bozovictennisacademy.com\/v3\/wp-content\/uploads\/2023\/09\/Tophan_small.jpg","width":860,"height":645},{"@type":"BreadcrumbList","@id":"https:\/\/bozovictennisacademy.com\/v3\/de\/our-team\/tophan-bulant\/#breadcrumb","itemListElement":[{"@type":"ListItem","position":1,"name":"Home","item":"https:\/\/bozovictennisacademy.com\/v3\/"},{"@type":"ListItem","position":2,"name":"Team","item":"https:\/\/bozovictennisacademy.com\/v3\/de\/our-team\/"},{"@type":"ListItem","position":3,"name":"Tophan Bulant"}]},{"@type":"WebSite","@id":"https:\/\/bozovictennisacademy.com\/v3\/#website","url":"https:\/\/bozovictennisacademy.com\/v3\/","name":"Bozovic Tennis Academy","description":"","potentialAction":[{"@type":"SearchAction","target":{"@type":"EntryPoint","urlTemplate":"https:\/\/bozovictennisacademy.com\/v3\/?s={search_term_string}"},"query-input":{"@type":"PropertyValueSpecification","valueRequired":true,"valueName":"search_term_string"}}],"inLanguage":"en-US"}]}},"_links":{"self":[{"href":"https:\/\/bozovictennisacademy.com\/v3\/wp-json\/wp\/v2\/pages\/3454","targetHints":{"allow":["GET"]}}],"collection":[{"href":"https:\/\/bozovictennisacademy.com\/v3\/wp-json\/wp\/v2\/pages"}],"about":[{"href":"https:\/\/bozovictennisacademy.com\/v3\/wp-json\/wp\/v2\/types\/page"}],"author":[{"embeddable":true,"href":"https:\/\/bozovictennisacademy.com\/v3\/wp-json\/wp\/v2\/users\/1"}],"replies":[{"embeddable":true,"href":"https:\/\/bozovictennisacademy.com\/v3\/wp-json\/wp\/v2\/comments?post=3454"}],"version-history":[{"count":17,"href":"https:\/\/bozovictennisacademy.com\/v3\/wp-json\/wp\/v2\/pages\/3454\/revisions"}],"predecessor-version":[{"id":5432,"href":"https:\/\/bozovictennisacademy.com\/v3\/wp-json\/wp\/v2\/pages\/3454\/revisions\/5432"}],"up":[{"embeddable":true,"href":"https:\/\/bozovictennisacademy.com\/v3\/wp-json\/wp\/v2\/pages\/2346"}],"wp:featuredmedia":[{"embeddable":true,"href":"https:\/\/bozovictennisacademy.com\/v3\/wp-json\/wp\/v2\/media\/3425"}],"wp:attachment":[{"href":"https:\/\/bozovictennisacademy.com\/v3\/wp-json\/wp\/v2\/media?parent=3454"}],"curies":[{"name":"wp","href":"https:\/\/api.w.org\/{rel}","templated":true}]}}