{"id":3666,"date":"2023-12-13T11:56:49","date_gmt":"2023-12-13T11:56:49","guid":{"rendered":"https:\/\/bozovictennisacademy.com\/v3\/?page_id=3666"},"modified":"2026-03-16T17:04:27","modified_gmt":"2026-03-16T17:04:27","slug":"fitness-de","status":"publish","type":"page","link":"https:\/\/bozovictennisacademy.com\/v3\/de\/fitness-de\/","title":{"rendered":"Fitness"},"content":{"rendered":"<div id=\"pl-3666\"  class=\"panel-layout\" ><div id=\"pg-3666-0\"  class=\"panel-grid panel-no-style\" ><div id=\"pgc-3666-0-0\"  class=\"panel-grid-cell\" ><div id=\"panel-3666-0-0-0\" class=\"so-panel widget widget_sow-editor panel-first-child panel-last-child\" data-index=\"0\" ><div\n\t\t\t\n\t\t\tclass=\"so-widget-sow-editor so-widget-sow-editor-base\"\n\t\t\t\n\t\t><h3 class=\"widget-title\"><span class=\"widget-title__inline\">VITIS Fitness<\/span><\/h3>\n<div class=\"siteorigin-widget-tinymce textwidget\">\n\t<p><strong><br \/>\nVITIS Fitness - Ihr Rundum-Sport-Erlebnis<br \/>\n<\/strong><\/p>\n<p>Treten Sie ein in das VITIS Fitness, wo sich das Streben nach Wellness nahtlos mit Pr\u00e4zision und Innovation an einem Ort vereint, dem newVITIS in Schlieren.<\/p>\n<p><div class=\"embed-responsive  embed-responsive-16by9\"><iframe loading=\"lazy\" title=\"Bozovic Tennis Academy 2024 - Fitness &amp; Physio \ufe0f\ud83c\udfcb\ufe0f\" width=\"1140\" height=\"641\" src=\"https:\/\/www.youtube.com\/embed\/J8zp1TZPF3c?feature=oembed\" frameborder=\"0\" allow=\"accelerometer; autoplay; clipboard-write; encrypted-media; gyroscope; picture-in-picture; web-share\" referrerpolicy=\"strict-origin-when-cross-origin\" allowfullscreen><\/iframe><\/div>\n<\/p>\n<p><span style=\"text-decoration: underline;\">Unser Angebot<\/span><\/p>\n<p>Unser Fitnessangebot richtet sich nicht nur an Tennisspieler, sondern auch an alle, die ihre allgemeine Fitness verbessern und\/oder eine spezifische Optimierung f\u00fcr andere Sportarten erreichen m\u00f6chten.<\/p>\n<p><strong>Unser Athletiktraining \u2013 Die Grundlage deines Fortschritts<\/strong><\/p>\n<p>Ob Kind, Junior oder Erwachsener - eine starke k\u00f6rperliche Grundlage ist entscheidend f\u00fcr eine langfristige Entwicklung im Tennis und im Alltag.<br \/>\nUnser ganzheitliches Athletik- und Fitnessprogramm, geleitet von <a href=\"https:\/\/bozovictennisacademy.com\/v3\/de\/our-team\/leon-mueller\/\"><strong>Coach Leon<\/strong><\/a>, schafft genau diese Basis. Leon verantwortet die athletische Entwicklung innerhalb der Akademie und arbeitet eng mit <strong>Swiss Tennis<\/strong> in Bezug auf unsere Leistungsspieler im Juniorenbereich zusammen.<\/p>\n<p><img loading=\"lazy\" decoding=\"async\" class=\"alignnone wp-image-5665 size-full\" src=\"https:\/\/bozovictennisacademy.com\/v3\/wp-content\/uploads\/2026\/03\/fitness_leon_2.jpg\" alt=\"Leon Muller Bozovic Tennis Academy\" width=\"1280\" height=\"854\" srcset=\"https:\/\/bozovictennisacademy.com\/v3\/wp-content\/uploads\/2026\/03\/fitness_leon_2.jpg 1280w, https:\/\/bozovictennisacademy.com\/v3\/wp-content\/uploads\/2026\/03\/fitness_leon_2-300x200.jpg 300w, https:\/\/bozovictennisacademy.com\/v3\/wp-content\/uploads\/2026\/03\/fitness_leon_2-1024x683.jpg 1024w, https:\/\/bozovictennisacademy.com\/v3\/wp-content\/uploads\/2026\/03\/fitness_leon_2-768x512.jpg 768w, https:\/\/bozovictennisacademy.com\/v3\/wp-content\/uploads\/2026\/03\/fitness_leon_2-272x182.jpg 272w\" sizes=\"auto, (max-width: 1280px) 100vw, 1280px\" \/><\/p>\n<p>Das Programm wird individuell an Alter, Leistungsniveau und Ziele angepasst - von allgemeiner Fitness bis hin zu explosiver, tennisspezifischer Athletik. Unsere Arbeit basiert auf moderner Sportwissenschaft, einschlie\u00dflich Ans\u00e4tzen wie Stretch-based Hypertrophy Training sowie den offiziellen <strong>PISTE-Leistungstests von Swiss Tennis<\/strong>.<br \/>\nViele unserer Junioren erleben bereits sp\u00fcrbare Verbesserungen - k\u00f6rperlich und direkt in ihrem Spiel. Erwachsene Spieler profitieren von besserer Stabilit\u00e4t, h\u00f6herer Leistungsf\u00e4higkeit und Verletzungspr\u00e4vention.<br \/>\nAthletiktraining ist keine Erg\u00e4nzung - <strong>es ist die Grundlage<\/strong>.<br \/>\n<strong>Buche deine Probestunde und mache den n\u00e4chsten Schritt.<\/strong><\/p>\n<p><strong>Um die R\u00e4umlichkeiten und Ger\u00e4te nutzen zu k\u00f6nnen, muss vorher der <a href=\"https:\/\/bozovictennisacademy.com\/v3\/wp-content\/uploads\/2023\/12\/Mitgliedschaftsvertrag-und-Hausordnung.pdf\" target=\"_blank\" rel=\"noopener\">Mitgliedschaftsvertrag (inklusive AGB)<\/a> des VITIS Athletik Center unterschrieben werden.<\/strong><\/p>\n<p>Der Einzeleintritt f\u00fcr die Benutzung des Fitnessbereichs im VITIS ohne Jahres-Mitgliedschaft kostet 25 chf.<\/p>\n<p>Bevor du dein Fitnesstraining bei uns absolvierst, lies bitte sorgf\u00e4ltig <a href=\"https:\/\/bozovictennisacademy.com\/v3\/wp-content\/uploads\/2024\/02\/Terms-and-Conditions-BTA.pdf\" target=\"_blank\" rel=\"noopener\">unsere Fitness AGBs<\/a>, die f\u00fcr das Training verbindlich sind.<\/p>\n<p>Hier ist <a href=\"https:\/\/bozovictennisacademy.com\/v3\/de\/preisliste\/\">unsere Preisliste<\/a> zu sehen.<\/p>\n<p><img loading=\"lazy\" decoding=\"async\" class=\"alignnone size-full wp-image-3727\" src=\"https:\/\/bozovictennisacademy.com\/v3\/wp-content\/uploads\/2023\/12\/fintess_vitis1.jpg\" alt=\"Fitness Vitis Schlieren\" width=\"1280\" height=\"854\" srcset=\"https:\/\/bozovictennisacademy.com\/v3\/wp-content\/uploads\/2023\/12\/fintess_vitis1.jpg 1280w, https:\/\/bozovictennisacademy.com\/v3\/wp-content\/uploads\/2023\/12\/fintess_vitis1-300x200.jpg 300w, https:\/\/bozovictennisacademy.com\/v3\/wp-content\/uploads\/2023\/12\/fintess_vitis1-1024x683.jpg 1024w, https:\/\/bozovictennisacademy.com\/v3\/wp-content\/uploads\/2023\/12\/fintess_vitis1-768x512.jpg 768w, https:\/\/bozovictennisacademy.com\/v3\/wp-content\/uploads\/2023\/12\/fintess_vitis1-272x182.jpg 272w\" sizes=\"auto, (max-width: 1280px) 100vw, 1280px\" \/><\/p>\n<\/div>\n<\/div><\/div><\/div><\/div><\/div>","protected":false},"excerpt":{"rendered":"<p>VITIS Fitness &#8211; Ihr Rundum-Sport-Erlebnis Treten Sie ein in das VITIS Fitness, wo sich das Streben nach Wellness nahtlos mit Pr\u00e4zision und Innovation an einem Ort vereint, dem newVITIS in Schlieren. https:\/\/www.youtube.com\/watch?v=J8zp1TZPF3c Unser Angebot Unser Fitnessangebot richtet sich nicht nur an Tennisspieler, sondern auch an alle, die ihre allgemeine Fitness verbessern und\/oder eine spezifische Optimierung &hellip;<\/p>\n","protected":false},"author":1,"featured_media":3905,"parent":0,"menu_order":0,"comment_status":"closed","ping_status":"closed","template":"","meta":{"_acf_changed":false,"footnotes":""},"class_list":{"0":"post-3666","1":"page","2":"type-page","3":"status-publish","4":"has-post-thumbnail","6":"clearfix","7":"article"},"acf":[],"yoast_head":"<!-- This site is optimized with the Yoast SEO plugin v27.1.1 - https:\/\/yoast.com\/product\/yoast-seo-wordpress\/ -->\n<title>Fitness - Bozovic Tennis Academy<\/title>\n<meta name=\"description\" content=\"VITIS Fitness VITIS Fitness - Ihr Rundum-Sport-Erlebnis Treten Sie ein in das VITIS Fitness, wo sich das Streben nach Wellness nahtlos mit Pr\u00e4zision und\" \/>\n<meta name=\"robots\" content=\"index, follow, max-snippet:-1, max-image-preview:large, max-video-preview:-1\" \/>\n<link rel=\"canonical\" href=\"https:\/\/bozovictennisacademy.com\/v3\/de\/fitness-de\/\" \/>\n<meta property=\"og:locale\" content=\"en_US\" \/>\n<meta property=\"og:type\" content=\"article\" \/>\n<meta property=\"og:title\" content=\"Fitness - Bozovic Tennis Academy\" \/>\n<meta property=\"og:description\" content=\"VITIS Fitness VITIS Fitness - Ihr Rundum-Sport-Erlebnis Treten Sie ein in das VITIS Fitness, wo sich das Streben nach Wellness nahtlos mit Pr\u00e4zision und\" \/>\n<meta property=\"og:url\" content=\"https:\/\/bozovictennisacademy.com\/v3\/de\/fitness-de\/\" \/>\n<meta property=\"og:site_name\" content=\"Bozovic Tennis Academy\" \/>\n<meta property=\"article:publisher\" content=\"https:\/\/www.facebook.com\/bozovictennisacademy\/\" \/>\n<meta property=\"article:modified_time\" content=\"2026-03-16T17:04:27+00:00\" \/>\n<meta property=\"og:image\" content=\"https:\/\/bozovictennisacademy.com\/v3\/wp-content\/uploads\/2024\/01\/Fitness.jpg\" \/>\n\t<meta property=\"og:image:width\" content=\"1280\" \/>\n\t<meta property=\"og:image:height\" content=\"854\" \/>\n\t<meta property=\"og:image:type\" content=\"image\/jpeg\" \/>\n<meta name=\"twitter:card\" content=\"summary_large_image\" \/>\n<meta name=\"twitter:label1\" content=\"Est. reading time\" \/>\n\t<meta name=\"twitter:data1\" content=\"2 minutes\" \/>\n<script type=\"application\/ld+json\" class=\"yoast-schema-graph\">{\"@context\":\"https:\/\/schema.org\",\"@graph\":[{\"@type\":\"WebPage\",\"@id\":\"https:\/\/bozovictennisacademy.com\/v3\/de\/fitness-de\/\",\"url\":\"https:\/\/bozovictennisacademy.com\/v3\/de\/fitness-de\/\",\"name\":\"Fitness - Bozovic Tennis Academy\",\"isPartOf\":{\"@id\":\"https:\/\/bozovictennisacademy.com\/v3\/#website\"},\"primaryImageOfPage\":{\"@id\":\"https:\/\/bozovictennisacademy.com\/v3\/de\/fitness-de\/#primaryimage\"},\"image\":{\"@id\":\"https:\/\/bozovictennisacademy.com\/v3\/de\/fitness-de\/#primaryimage\"},\"thumbnailUrl\":\"https:\/\/bozovictennisacademy.com\/v3\/wp-content\/uploads\/2024\/01\/Fitness.jpg\",\"datePublished\":\"2023-12-13T11:56:49+00:00\",\"dateModified\":\"2026-03-16T17:04:27+00:00\",\"description\":\"VITIS Fitness VITIS Fitness - Ihr Rundum-Sport-Erlebnis Treten Sie ein in das VITIS Fitness, wo sich das Streben nach Wellness nahtlos mit Pr\u00e4zision und\",\"breadcrumb\":{\"@id\":\"https:\/\/bozovictennisacademy.com\/v3\/de\/fitness-de\/#breadcrumb\"},\"inLanguage\":\"en-US\",\"potentialAction\":[{\"@type\":\"ReadAction\",\"target\":[\"https:\/\/bozovictennisacademy.com\/v3\/de\/fitness-de\/\"]}]},{\"@type\":\"ImageObject\",\"inLanguage\":\"en-US\",\"@id\":\"https:\/\/bozovictennisacademy.com\/v3\/de\/fitness-de\/#primaryimage\",\"url\":\"https:\/\/bozovictennisacademy.com\/v3\/wp-content\/uploads\/2024\/01\/Fitness.jpg\",\"contentUrl\":\"https:\/\/bozovictennisacademy.com\/v3\/wp-content\/uploads\/2024\/01\/Fitness.jpg\",\"width\":1280,\"height\":854},{\"@type\":\"BreadcrumbList\",\"@id\":\"https:\/\/bozovictennisacademy.com\/v3\/de\/fitness-de\/#breadcrumb\",\"itemListElement\":[{\"@type\":\"ListItem\",\"position\":1,\"name\":\"Home\",\"item\":\"https:\/\/bozovictennisacademy.com\/v3\/\"},{\"@type\":\"ListItem\",\"position\":2,\"name\":\"Fitness\"}]},{\"@type\":\"WebSite\",\"@id\":\"https:\/\/bozovictennisacademy.com\/v3\/#website\",\"url\":\"https:\/\/bozovictennisacademy.com\/v3\/\",\"name\":\"Bozovic Tennis Academy\",\"description\":\"\",\"potentialAction\":[{\"@type\":\"SearchAction\",\"target\":{\"@type\":\"EntryPoint\",\"urlTemplate\":\"https:\/\/bozovictennisacademy.com\/v3\/?s={search_term_string}\"},\"query-input\":{\"@type\":\"PropertyValueSpecification\",\"valueRequired\":true,\"valueName\":\"search_term_string\"}}],\"inLanguage\":\"en-US\"}]}<\/script>\n<!-- \/ Yoast SEO plugin. -->","yoast_head_json":{"title":"Fitness - Bozovic Tennis Academy","description":"VITIS Fitness VITIS Fitness - Ihr Rundum-Sport-Erlebnis Treten Sie ein in das VITIS Fitness, wo sich das Streben nach Wellness nahtlos mit Pr\u00e4zision und","robots":{"index":"index","follow":"follow","max-snippet":"max-snippet:-1","max-image-preview":"max-image-preview:large","max-video-preview":"max-video-preview:-1"},"canonical":"https:\/\/bozovictennisacademy.com\/v3\/de\/fitness-de\/","og_locale":"en_US","og_type":"article","og_title":"Fitness - Bozovic Tennis Academy","og_description":"VITIS Fitness VITIS Fitness - Ihr Rundum-Sport-Erlebnis Treten Sie ein in das VITIS Fitness, wo sich das Streben nach Wellness nahtlos mit Pr\u00e4zision und","og_url":"https:\/\/bozovictennisacademy.com\/v3\/de\/fitness-de\/","og_site_name":"Bozovic Tennis Academy","article_publisher":"https:\/\/www.facebook.com\/bozovictennisacademy\/","article_modified_time":"2026-03-16T17:04:27+00:00","og_image":[{"width":1280,"height":854,"url":"https:\/\/bozovictennisacademy.com\/v3\/wp-content\/uploads\/2024\/01\/Fitness.jpg","type":"image\/jpeg"}],"twitter_card":"summary_large_image","twitter_misc":{"Est. reading time":"2 minutes"},"schema":{"@context":"https:\/\/schema.org","@graph":[{"@type":"WebPage","@id":"https:\/\/bozovictennisacademy.com\/v3\/de\/fitness-de\/","url":"https:\/\/bozovictennisacademy.com\/v3\/de\/fitness-de\/","name":"Fitness - Bozovic Tennis Academy","isPartOf":{"@id":"https:\/\/bozovictennisacademy.com\/v3\/#website"},"primaryImageOfPage":{"@id":"https:\/\/bozovictennisacademy.com\/v3\/de\/fitness-de\/#primaryimage"},"image":{"@id":"https:\/\/bozovictennisacademy.com\/v3\/de\/fitness-de\/#primaryimage"},"thumbnailUrl":"https:\/\/bozovictennisacademy.com\/v3\/wp-content\/uploads\/2024\/01\/Fitness.jpg","datePublished":"2023-12-13T11:56:49+00:00","dateModified":"2026-03-16T17:04:27+00:00","description":"VITIS Fitness VITIS Fitness - Ihr Rundum-Sport-Erlebnis Treten Sie ein in das VITIS Fitness, wo sich das Streben nach Wellness nahtlos mit Pr\u00e4zision und","breadcrumb":{"@id":"https:\/\/bozovictennisacademy.com\/v3\/de\/fitness-de\/#breadcrumb"},"inLanguage":"en-US","potentialAction":[{"@type":"ReadAction","target":["https:\/\/bozovictennisacademy.com\/v3\/de\/fitness-de\/"]}]},{"@type":"ImageObject","inLanguage":"en-US","@id":"https:\/\/bozovictennisacademy.com\/v3\/de\/fitness-de\/#primaryimage","url":"https:\/\/bozovictennisacademy.com\/v3\/wp-content\/uploads\/2024\/01\/Fitness.jpg","contentUrl":"https:\/\/bozovictennisacademy.com\/v3\/wp-content\/uploads\/2024\/01\/Fitness.jpg","width":1280,"height":854},{"@type":"BreadcrumbList","@id":"https:\/\/bozovictennisacademy.com\/v3\/de\/fitness-de\/#breadcrumb","itemListElement":[{"@type":"ListItem","position":1,"name":"Home","item":"https:\/\/bozovictennisacademy.com\/v3\/"},{"@type":"ListItem","position":2,"name":"Fitness"}]},{"@type":"WebSite","@id":"https:\/\/bozovictennisacademy.com\/v3\/#website","url":"https:\/\/bozovictennisacademy.com\/v3\/","name":"Bozovic Tennis Academy","description":"","potentialAction":[{"@type":"SearchAction","target":{"@type":"EntryPoint","urlTemplate":"https:\/\/bozovictennisacademy.com\/v3\/?s={search_term_string}"},"query-input":{"@type":"PropertyValueSpecification","valueRequired":true,"valueName":"search_term_string"}}],"inLanguage":"en-US"}]}},"_links":{"self":[{"href":"https:\/\/bozovictennisacademy.com\/v3\/wp-json\/wp\/v2\/pages\/3666","targetHints":{"allow":["GET"]}}],"collection":[{"href":"https:\/\/bozovictennisacademy.com\/v3\/wp-json\/wp\/v2\/pages"}],"about":[{"href":"https:\/\/bozovictennisacademy.com\/v3\/wp-json\/wp\/v2\/types\/page"}],"author":[{"embeddable":true,"href":"https:\/\/bozovictennisacademy.com\/v3\/wp-json\/wp\/v2\/users\/1"}],"replies":[{"embeddable":true,"href":"https:\/\/bozovictennisacademy.com\/v3\/wp-json\/wp\/v2\/comments?post=3666"}],"version-history":[{"count":26,"href":"https:\/\/bozovictennisacademy.com\/v3\/wp-json\/wp\/v2\/pages\/3666\/revisions"}],"predecessor-version":[{"id":5668,"href":"https:\/\/bozovictennisacademy.com\/v3\/wp-json\/wp\/v2\/pages\/3666\/revisions\/5668"}],"wp:featuredmedia":[{"embeddable":true,"href":"https:\/\/bozovictennisacademy.com\/v3\/wp-json\/wp\/v2\/media\/3905"}],"wp:attachment":[{"href":"https:\/\/bozovictennisacademy.com\/v3\/wp-json\/wp\/v2\/media?parent=3666"}],"curies":[{"name":"wp","href":"https:\/\/api.w.org\/{rel}","templated":true}]}}