{"id":4639,"date":"2024-06-10T12:33:40","date_gmt":"2024-06-10T12:33:40","guid":{"rendered":"https:\/\/bozovictennisacademy.com\/v3\/?page_id=4639"},"modified":"2025-02-18T18:55:06","modified_gmt":"2025-02-18T18:55:06","slug":"holiday-program-de","status":"publish","type":"page","link":"https:\/\/bozovictennisacademy.com\/v3\/de\/programme\/holiday-program-de\/","title":{"rendered":"Holiday Program"},"content":{"rendered":"<div id=\"pl-4639\"  class=\"panel-layout\" ><div id=\"pg-4639-0\"  class=\"panel-grid panel-no-style\" ><div id=\"pgc-4639-0-0\"  class=\"panel-grid-cell\" ><div id=\"panel-4639-0-0-0\" class=\"so-panel widget widget_sow-editor panel-first-child panel-last-child\" data-index=\"0\" ><div\n\t\t\t\n\t\t\tclass=\"so-widget-sow-editor so-widget-sow-editor-base\"\n\t\t\t\n\t\t>\n<div class=\"siteorigin-widget-tinymce textwidget\">\n\t<p>Entdecken Sie unsere <strong>Ferienprogramme<\/strong>: Kids Camp, Junior Intensive Week, Match Weekend und Adult Intensive Trainings, die Spa\u00df und Kompetenzentwicklung f\u00fcr alle Altersgruppen bieten.<\/p>\n<p>Klicken Sie unten auf das Programm, um mehr zu erfahren.<\/p>\n<\/div>\n<\/div><\/div><\/div><\/div><div id=\"pg-4639-1\"  class=\"panel-grid panel-no-style\" ><div id=\"pgc-4639-1-0\"  class=\"panel-grid-cell\" ><div id=\"panel-4639-1-0-0\" class=\"so-panel widget widget_sow-editor panel-first-child panel-last-child\" data-index=\"1\" ><div\n\t\t\t\n\t\t\tclass=\"so-widget-sow-editor so-widget-sow-editor-base\"\n\t\t\t\n\t\t><h3 class=\"widget-title\"><span class=\"widget-title__inline\">Unsere Ferienprogramme<\/span><\/h3>\n<div class=\"siteorigin-widget-tinymce textwidget\">\n\t<\/div>\n<\/div><\/div><\/div><\/div><div id=\"pg-4639-2\"  class=\"panel-grid panel-no-style\" ><div id=\"pgc-4639-2-0\"  class=\"panel-grid-cell\" ><div id=\"panel-4639-2-0-0\" class=\"so-panel widget widget_sow-editor panel-first-child panel-last-child\" data-index=\"2\" ><div\n\t\t\t\n\t\t\tclass=\"so-widget-sow-editor so-widget-sow-editor-base\"\n\t\t\t\n\t\t>\n<div class=\"siteorigin-widget-tinymce textwidget\">\n\t<p><a href=\"https:\/\/bozovictennisacademy.com\/v3\/de\/programme\/holiday-program-de\/kids-camp\/\"><img loading=\"lazy\" decoding=\"async\" class=\"alignnone size-full wp-image-4559\" src=\"https:\/\/bozovictennisacademy.com\/v3\/wp-content\/uploads\/2024\/05\/gi_kids_10.jpg\" alt=\"\" width=\"1280\" height=\"854\" srcset=\"https:\/\/bozovictennisacademy.com\/v3\/wp-content\/uploads\/2024\/05\/gi_kids_10.jpg 1280w, https:\/\/bozovictennisacademy.com\/v3\/wp-content\/uploads\/2024\/05\/gi_kids_10-300x200.jpg 300w, https:\/\/bozovictennisacademy.com\/v3\/wp-content\/uploads\/2024\/05\/gi_kids_10-1024x683.jpg 1024w, https:\/\/bozovictennisacademy.com\/v3\/wp-content\/uploads\/2024\/05\/gi_kids_10-768x512.jpg 768w, https:\/\/bozovictennisacademy.com\/v3\/wp-content\/uploads\/2024\/05\/gi_kids_10-272x182.jpg 272w\" sizes=\"auto, (max-width: 1280px) 100vw, 1280px\" \/><\/a><\/p>\n<h2 class=\"page-box__title\"><a href=\"https:\/\/bozovictennisacademy.com\/v3\/de\/programme\/holiday-program-de\/kids-camp\/\">Kids Camp<\/a><\/h2>\n<p>Unsere Kids Camps finden von Montag bis Donnerstag der ersten Woche aller Ferien statt. Bitte teilen Sie uns im Voraus mit, ob Sie die Privattrainings...<\/p>\n<\/div>\n<\/div><\/div><\/div><div id=\"pgc-4639-2-1\"  class=\"panel-grid-cell\" ><div id=\"panel-4639-2-1-0\" class=\"so-panel widget widget_sow-editor panel-first-child panel-last-child\" data-index=\"3\" ><div\n\t\t\t\n\t\t\tclass=\"so-widget-sow-editor so-widget-sow-editor-base\"\n\t\t\t\n\t\t>\n<div class=\"siteorigin-widget-tinymce textwidget\">\n\t<p><a href=\"https:\/\/bozovictennisacademy.com\/v3\/de\/programme\/holiday-program-de\/junioren-intensivwoche\/\"><img loading=\"lazy\" decoding=\"async\" class=\"alignnone size-full wp-image-4530\" src=\"https:\/\/bozovictennisacademy.com\/v3\/wp-content\/uploads\/2024\/05\/gi_juniors_14.jpg\" alt=\"\" width=\"1280\" height=\"854\" srcset=\"https:\/\/bozovictennisacademy.com\/v3\/wp-content\/uploads\/2024\/05\/gi_juniors_14.jpg 1280w, https:\/\/bozovictennisacademy.com\/v3\/wp-content\/uploads\/2024\/05\/gi_juniors_14-300x200.jpg 300w, https:\/\/bozovictennisacademy.com\/v3\/wp-content\/uploads\/2024\/05\/gi_juniors_14-1024x683.jpg 1024w, https:\/\/bozovictennisacademy.com\/v3\/wp-content\/uploads\/2024\/05\/gi_juniors_14-768x512.jpg 768w, https:\/\/bozovictennisacademy.com\/v3\/wp-content\/uploads\/2024\/05\/gi_juniors_14-272x182.jpg 272w\" sizes=\"auto, (max-width: 1280px) 100vw, 1280px\" \/><\/a><\/p>\n<h2 class=\"page-box__title\"><a href=\"https:\/\/bozovictennisacademy.com\/v3\/de\/programme\/holiday-program-de\/junioren-intensivwoche\/\">Junioren Intensivwoche<\/a><\/h2>\n<p>Die w\u00f6chentlichen Privattrainings der Kinder finden in der Zeit der Schulferien nicht statt. Bitte teilt uns daher im Voraus mit, ob ihr m\u00f6chtet...<\/p>\n<\/div>\n<\/div><\/div><\/div><\/div><div id=\"pg-4639-3\"  class=\"panel-grid panel-no-style\" ><div id=\"pgc-4639-3-0\"  class=\"panel-grid-cell\" ><div id=\"panel-4639-3-0-0\" class=\"so-panel widget widget_sow-editor panel-first-child panel-last-child\" data-index=\"4\" ><div\n\t\t\t\n\t\t\tclass=\"so-widget-sow-editor so-widget-sow-editor-base\"\n\t\t\t\n\t\t>\n<div class=\"siteorigin-widget-tinymce textwidget\">\n\t<p><a href=\"https:\/\/bozovictennisacademy.com\/v3\/de\/programme\/holiday-program-de\/match-wochenende\/\"><img loading=\"lazy\" decoding=\"async\" class=\"alignnone size-full wp-image-4458\" src=\"https:\/\/bozovictennisacademy.com\/v3\/wp-content\/uploads\/2024\/05\/ivanisevic_23.jpg\" alt=\"\" width=\"1280\" height=\"854\" srcset=\"https:\/\/bozovictennisacademy.com\/v3\/wp-content\/uploads\/2024\/05\/ivanisevic_23.jpg 1280w, https:\/\/bozovictennisacademy.com\/v3\/wp-content\/uploads\/2024\/05\/ivanisevic_23-300x200.jpg 300w, https:\/\/bozovictennisacademy.com\/v3\/wp-content\/uploads\/2024\/05\/ivanisevic_23-1024x683.jpg 1024w, https:\/\/bozovictennisacademy.com\/v3\/wp-content\/uploads\/2024\/05\/ivanisevic_23-768x512.jpg 768w, https:\/\/bozovictennisacademy.com\/v3\/wp-content\/uploads\/2024\/05\/ivanisevic_23-272x182.jpg 272w\" sizes=\"auto, (max-width: 1280px) 100vw, 1280px\" \/><\/a><\/p>\n<h2 class=\"page-box__title\"><a href=\"https:\/\/bozovictennisacademy.com\/v3\/de\/programme\/holiday-program-de\/match-wochenende\/\">Interclub Vorbereitung<\/a><\/h2>\n<p>Willst du \u00fcben, wie man in Matches spielt? Dann ist dieses Ferienprogramm genau das Richtige f\u00fcr dich. Wir analysieren, wie du in Matchsituationen...<\/p>\n<\/div>\n<\/div><\/div><\/div><div id=\"pgc-4639-3-1\"  class=\"panel-grid-cell\" ><div id=\"panel-4639-3-1-0\" class=\"so-panel widget widget_sow-editor panel-first-child panel-last-child\" data-index=\"5\" ><div\n\t\t\t\n\t\t\tclass=\"so-widget-sow-editor so-widget-sow-editor-base\"\n\t\t\t\n\t\t>\n<div class=\"siteorigin-widget-tinymce textwidget\">\n\t<p><a href=\"https:\/\/bozovictennisacademy.com\/v3\/de\/programme\/holiday-program-de\/intensivtraining-erwachsene\/\"><img loading=\"lazy\" decoding=\"async\" class=\"alignnone size-full wp-image-4589\" src=\"https:\/\/bozovictennisacademy.com\/v3\/wp-content\/uploads\/2024\/05\/gi_adults_10.jpg\" alt=\"\" width=\"1280\" height=\"854\" srcset=\"https:\/\/bozovictennisacademy.com\/v3\/wp-content\/uploads\/2024\/05\/gi_adults_10.jpg 1280w, https:\/\/bozovictennisacademy.com\/v3\/wp-content\/uploads\/2024\/05\/gi_adults_10-300x200.jpg 300w, https:\/\/bozovictennisacademy.com\/v3\/wp-content\/uploads\/2024\/05\/gi_adults_10-1024x683.jpg 1024w, https:\/\/bozovictennisacademy.com\/v3\/wp-content\/uploads\/2024\/05\/gi_adults_10-768x512.jpg 768w, https:\/\/bozovictennisacademy.com\/v3\/wp-content\/uploads\/2024\/05\/gi_adults_10-272x182.jpg 272w\" sizes=\"auto, (max-width: 1280px) 100vw, 1280px\" \/><\/a><\/p>\n<h2 class=\"page-box__title\"><a href=\"https:\/\/bozovictennisacademy.com\/v3\/de\/programme\/holiday-program-de\/intensivtraining-erwachsene\/\">Intensivtraining Erwachsene<\/a><\/h2>\n<p>Dieses Programm ist ein intensives Training f\u00fcr alle Erwachsenen, die sich schnell verbessern wollen. Es kann zus\u00e4tzlich zu Ihren regul\u00e4ren...<\/p>\n<\/div>\n<\/div><\/div><\/div><\/div><\/div>","protected":false},"excerpt":{"rendered":"<p>Entdecken Sie unsere Ferienprogramme: Kids Camp, Junior Intensive Week, Match Weekend und Adult Intensive Trainings, die Spa\u00df und Kompetenzentwicklung f\u00fcr alle Altersgruppen bieten.<\/p>\n","protected":false},"author":1,"featured_media":4550,"parent":2425,"menu_order":0,"comment_status":"closed","ping_status":"closed","template":"","meta":{"_acf_changed":false,"footnotes":""},"class_list":{"0":"post-4639","1":"page","2":"type-page","3":"status-publish","4":"has-post-thumbnail","6":"clearfix","7":"article"},"acf":[],"yoast_head":"<!-- This site is optimized with the Yoast SEO plugin v27.1.1 - https:\/\/yoast.com\/product\/yoast-seo-wordpress\/ -->\n<title>Holiday Program - Bozovic Tennis Academy<\/title>\n<meta name=\"description\" content=\"Entdecken Sie unsere Ferienprogramme: Kids Camp, Junior Intensive Week, Match Weekend und Adult Intensive Trainings, die Spa\u00df und Kompetenzentwicklung f\u00fcr alle Altersgruppen bieten.\" \/>\n<meta name=\"robots\" content=\"index, follow, max-snippet:-1, max-image-preview:large, max-video-preview:-1\" \/>\n<link rel=\"canonical\" href=\"https:\/\/bozovictennisacademy.com\/v3\/de\/programme\/holiday-program-de\/\" \/>\n<meta property=\"og:locale\" content=\"en_US\" \/>\n<meta property=\"og:type\" content=\"article\" \/>\n<meta property=\"og:title\" content=\"Holiday Program - Bozovic Tennis Academy\" \/>\n<meta property=\"og:description\" content=\"Entdecken Sie unsere Ferienprogramme: Kids Camp, Junior Intensive Week, Match Weekend und Adult Intensive Trainings, die Spa\u00df und Kompetenzentwicklung f\u00fcr alle Altersgruppen bieten.\" \/>\n<meta property=\"og:url\" content=\"https:\/\/bozovictennisacademy.com\/v3\/de\/programme\/holiday-program-de\/\" \/>\n<meta property=\"og:site_name\" content=\"Bozovic Tennis Academy\" \/>\n<meta property=\"article:publisher\" content=\"https:\/\/www.facebook.com\/bozovictennisacademy\/\" \/>\n<meta property=\"article:modified_time\" content=\"2025-02-18T18:55:06+00:00\" \/>\n<meta property=\"og:image\" content=\"https:\/\/bozovictennisacademy.com\/v3\/wp-content\/uploads\/2024\/05\/gi_kids_01.jpg\" \/>\n\t<meta property=\"og:image:width\" content=\"1280\" \/>\n\t<meta property=\"og:image:height\" content=\"854\" \/>\n\t<meta property=\"og:image:type\" content=\"image\/jpeg\" \/>\n<meta name=\"twitter:card\" content=\"summary_large_image\" \/>\n<meta name=\"twitter:label1\" content=\"Est. reading time\" \/>\n\t<meta name=\"twitter:data1\" content=\"2 minutes\" \/>\n<script type=\"application\/ld+json\" class=\"yoast-schema-graph\">{\"@context\":\"https:\/\/schema.org\",\"@graph\":[{\"@type\":\"WebPage\",\"@id\":\"https:\/\/bozovictennisacademy.com\/v3\/de\/programme\/holiday-program-de\/\",\"url\":\"https:\/\/bozovictennisacademy.com\/v3\/de\/programme\/holiday-program-de\/\",\"name\":\"Holiday Program - Bozovic Tennis Academy\",\"isPartOf\":{\"@id\":\"https:\/\/bozovictennisacademy.com\/v3\/#website\"},\"primaryImageOfPage\":{\"@id\":\"https:\/\/bozovictennisacademy.com\/v3\/de\/programme\/holiday-program-de\/#primaryimage\"},\"image\":{\"@id\":\"https:\/\/bozovictennisacademy.com\/v3\/de\/programme\/holiday-program-de\/#primaryimage\"},\"thumbnailUrl\":\"https:\/\/bozovictennisacademy.com\/v3\/wp-content\/uploads\/2024\/05\/gi_kids_01.jpg\",\"datePublished\":\"2024-06-10T12:33:40+00:00\",\"dateModified\":\"2025-02-18T18:55:06+00:00\",\"description\":\"Entdecken Sie unsere Ferienprogramme: Kids Camp, Junior Intensive Week, Match Weekend und Adult Intensive Trainings, die Spa\u00df und Kompetenzentwicklung f\u00fcr alle Altersgruppen bieten.\",\"breadcrumb\":{\"@id\":\"https:\/\/bozovictennisacademy.com\/v3\/de\/programme\/holiday-program-de\/#breadcrumb\"},\"inLanguage\":\"en-US\",\"potentialAction\":[{\"@type\":\"ReadAction\",\"target\":[\"https:\/\/bozovictennisacademy.com\/v3\/de\/programme\/holiday-program-de\/\"]}]},{\"@type\":\"ImageObject\",\"inLanguage\":\"en-US\",\"@id\":\"https:\/\/bozovictennisacademy.com\/v3\/de\/programme\/holiday-program-de\/#primaryimage\",\"url\":\"https:\/\/bozovictennisacademy.com\/v3\/wp-content\/uploads\/2024\/05\/gi_kids_01.jpg\",\"contentUrl\":\"https:\/\/bozovictennisacademy.com\/v3\/wp-content\/uploads\/2024\/05\/gi_kids_01.jpg\",\"width\":1280,\"height\":854},{\"@type\":\"BreadcrumbList\",\"@id\":\"https:\/\/bozovictennisacademy.com\/v3\/de\/programme\/holiday-program-de\/#breadcrumb\",\"itemListElement\":[{\"@type\":\"ListItem\",\"position\":1,\"name\":\"Home\",\"item\":\"https:\/\/bozovictennisacademy.com\/v3\/\"},{\"@type\":\"ListItem\",\"position\":2,\"name\":\"Programme und Dienstleistungen\",\"item\":\"https:\/\/bozovictennisacademy.com\/v3\/de\/programme\/\"},{\"@type\":\"ListItem\",\"position\":3,\"name\":\"Holiday Program\"}]},{\"@type\":\"WebSite\",\"@id\":\"https:\/\/bozovictennisacademy.com\/v3\/#website\",\"url\":\"https:\/\/bozovictennisacademy.com\/v3\/\",\"name\":\"Bozovic Tennis Academy\",\"description\":\"\",\"potentialAction\":[{\"@type\":\"SearchAction\",\"target\":{\"@type\":\"EntryPoint\",\"urlTemplate\":\"https:\/\/bozovictennisacademy.com\/v3\/?s={search_term_string}\"},\"query-input\":{\"@type\":\"PropertyValueSpecification\",\"valueRequired\":true,\"valueName\":\"search_term_string\"}}],\"inLanguage\":\"en-US\"}]}<\/script>\n<!-- \/ Yoast SEO plugin. -->","yoast_head_json":{"title":"Holiday Program - Bozovic Tennis Academy","description":"Entdecken Sie unsere Ferienprogramme: Kids Camp, Junior Intensive Week, Match Weekend und Adult Intensive Trainings, die Spa\u00df und Kompetenzentwicklung f\u00fcr alle Altersgruppen bieten.","robots":{"index":"index","follow":"follow","max-snippet":"max-snippet:-1","max-image-preview":"max-image-preview:large","max-video-preview":"max-video-preview:-1"},"canonical":"https:\/\/bozovictennisacademy.com\/v3\/de\/programme\/holiday-program-de\/","og_locale":"en_US","og_type":"article","og_title":"Holiday Program - Bozovic Tennis Academy","og_description":"Entdecken Sie unsere Ferienprogramme: Kids Camp, Junior Intensive Week, Match Weekend und Adult Intensive Trainings, die Spa\u00df und Kompetenzentwicklung f\u00fcr alle Altersgruppen bieten.","og_url":"https:\/\/bozovictennisacademy.com\/v3\/de\/programme\/holiday-program-de\/","og_site_name":"Bozovic Tennis Academy","article_publisher":"https:\/\/www.facebook.com\/bozovictennisacademy\/","article_modified_time":"2025-02-18T18:55:06+00:00","og_image":[{"width":1280,"height":854,"url":"https:\/\/bozovictennisacademy.com\/v3\/wp-content\/uploads\/2024\/05\/gi_kids_01.jpg","type":"image\/jpeg"}],"twitter_card":"summary_large_image","twitter_misc":{"Est. reading time":"2 minutes"},"schema":{"@context":"https:\/\/schema.org","@graph":[{"@type":"WebPage","@id":"https:\/\/bozovictennisacademy.com\/v3\/de\/programme\/holiday-program-de\/","url":"https:\/\/bozovictennisacademy.com\/v3\/de\/programme\/holiday-program-de\/","name":"Holiday Program - Bozovic Tennis Academy","isPartOf":{"@id":"https:\/\/bozovictennisacademy.com\/v3\/#website"},"primaryImageOfPage":{"@id":"https:\/\/bozovictennisacademy.com\/v3\/de\/programme\/holiday-program-de\/#primaryimage"},"image":{"@id":"https:\/\/bozovictennisacademy.com\/v3\/de\/programme\/holiday-program-de\/#primaryimage"},"thumbnailUrl":"https:\/\/bozovictennisacademy.com\/v3\/wp-content\/uploads\/2024\/05\/gi_kids_01.jpg","datePublished":"2024-06-10T12:33:40+00:00","dateModified":"2025-02-18T18:55:06+00:00","description":"Entdecken Sie unsere Ferienprogramme: Kids Camp, Junior Intensive Week, Match Weekend und Adult Intensive Trainings, die Spa\u00df und Kompetenzentwicklung f\u00fcr alle Altersgruppen bieten.","breadcrumb":{"@id":"https:\/\/bozovictennisacademy.com\/v3\/de\/programme\/holiday-program-de\/#breadcrumb"},"inLanguage":"en-US","potentialAction":[{"@type":"ReadAction","target":["https:\/\/bozovictennisacademy.com\/v3\/de\/programme\/holiday-program-de\/"]}]},{"@type":"ImageObject","inLanguage":"en-US","@id":"https:\/\/bozovictennisacademy.com\/v3\/de\/programme\/holiday-program-de\/#primaryimage","url":"https:\/\/bozovictennisacademy.com\/v3\/wp-content\/uploads\/2024\/05\/gi_kids_01.jpg","contentUrl":"https:\/\/bozovictennisacademy.com\/v3\/wp-content\/uploads\/2024\/05\/gi_kids_01.jpg","width":1280,"height":854},{"@type":"BreadcrumbList","@id":"https:\/\/bozovictennisacademy.com\/v3\/de\/programme\/holiday-program-de\/#breadcrumb","itemListElement":[{"@type":"ListItem","position":1,"name":"Home","item":"https:\/\/bozovictennisacademy.com\/v3\/"},{"@type":"ListItem","position":2,"name":"Programme und Dienstleistungen","item":"https:\/\/bozovictennisacademy.com\/v3\/de\/programme\/"},{"@type":"ListItem","position":3,"name":"Holiday Program"}]},{"@type":"WebSite","@id":"https:\/\/bozovictennisacademy.com\/v3\/#website","url":"https:\/\/bozovictennisacademy.com\/v3\/","name":"Bozovic Tennis Academy","description":"","potentialAction":[{"@type":"SearchAction","target":{"@type":"EntryPoint","urlTemplate":"https:\/\/bozovictennisacademy.com\/v3\/?s={search_term_string}"},"query-input":{"@type":"PropertyValueSpecification","valueRequired":true,"valueName":"search_term_string"}}],"inLanguage":"en-US"}]}},"_links":{"self":[{"href":"https:\/\/bozovictennisacademy.com\/v3\/wp-json\/wp\/v2\/pages\/4639","targetHints":{"allow":["GET"]}}],"collection":[{"href":"https:\/\/bozovictennisacademy.com\/v3\/wp-json\/wp\/v2\/pages"}],"about":[{"href":"https:\/\/bozovictennisacademy.com\/v3\/wp-json\/wp\/v2\/types\/page"}],"author":[{"embeddable":true,"href":"https:\/\/bozovictennisacademy.com\/v3\/wp-json\/wp\/v2\/users\/1"}],"replies":[{"embeddable":true,"href":"https:\/\/bozovictennisacademy.com\/v3\/wp-json\/wp\/v2\/comments?post=4639"}],"version-history":[{"count":8,"href":"https:\/\/bozovictennisacademy.com\/v3\/wp-json\/wp\/v2\/pages\/4639\/revisions"}],"predecessor-version":[{"id":5017,"href":"https:\/\/bozovictennisacademy.com\/v3\/wp-json\/wp\/v2\/pages\/4639\/revisions\/5017"}],"up":[{"embeddable":true,"href":"https:\/\/bozovictennisacademy.com\/v3\/wp-json\/wp\/v2\/pages\/2425"}],"wp:featuredmedia":[{"embeddable":true,"href":"https:\/\/bozovictennisacademy.com\/v3\/wp-json\/wp\/v2\/media\/4550"}],"wp:attachment":[{"href":"https:\/\/bozovictennisacademy.com\/v3\/wp-json\/wp\/v2\/media?parent=4639"}],"curies":[{"name":"wp","href":"https:\/\/api.w.org\/{rel}","templated":true}]}}