{"id":4673,"date":"2024-06-10T13:21:42","date_gmt":"2024-06-10T13:21:42","guid":{"rendered":"https:\/\/bozovictennisacademy.com\/v3\/?page_id=4673"},"modified":"2025-12-17T10:28:28","modified_gmt":"2025-12-17T10:28:28","slug":"match-wochenende","status":"publish","type":"page","link":"https:\/\/bozovictennisacademy.com\/v3\/de\/programme\/holiday-program-de\/match-wochenende\/","title":{"rendered":"Interclub-Vorbereitungsprogramm"},"content":{"rendered":"<div id=\"pl-4673\"  class=\"panel-layout\" ><div id=\"pg-4673-0\"  class=\"panel-grid panel-no-style\" ><div id=\"pgc-4673-0-0\"  class=\"panel-grid-cell\" ><div id=\"panel-4673-0-0-0\" class=\"so-panel widget widget_sow-editor panel-first-child panel-last-child\" data-index=\"0\" ><div\n\t\t\t\n\t\t\tclass=\"so-widget-sow-editor so-widget-sow-editor-base\"\n\t\t\t\n\t\t>\n<div class=\"siteorigin-widget-tinymce textwidget\">\n\t<p>Wollt ihr euch auf die kommende Interclub-Saison vorbereiten?<\/p>\n<p>Dieses Programm richtet sich speziell an Spieler und Teams, die optimal vorbereitet, selbstbewusst und bereit f\u00fcr den Wettkampf in die Saison starten m\u00f6chten.<\/p>\n<p><strong>F\u00fcr wen ist das Programm geeignet?<\/strong><\/p>\n<ul>\n<li>Interclub-Spieler<\/li>\n<li>Interclub-Teams (alle Ligen und Spielst\u00e4rken)<\/li>\n<li>Clubs, die ihre gesamte Teamstruktur gezielt vorbereiten m\u00f6chten<\/li>\n<\/ul>\n<p><strong>Programmschwerpunkte<\/strong><\/p>\n<ul>\n<li>Aufbauphase und Vorbereitung auf den Wechsel auf Sandpl\u00e4tze<\/li>\n<li>Matchplay-Sessions mit Gegnern auf \u00e4hnlichem Niveau<\/li>\n<li>Taktische Anleitung f\u00fcr Einzel &amp; Doppel<\/li>\n<li>Analyse eurer Spielmuster und Entscheidungsfindung<\/li>\n<li>Spezifisches Training zur Verbesserung individueller Schw\u00e4chen<\/li>\n<li>Mentale Wettkampfvorbereitung &amp; Routinen<\/li>\n<li>Doppel-Formationen, Spielz\u00fcge und Interclub-spezifische Strategien<\/li>\n<\/ul>\n<p><strong>Flexible Gestaltung<\/strong><\/p>\n<ul>\n<li>Proaktive Kommunikation zur Erstellung des idealen individuellen Programms<\/li>\n<li>Einzelstunden oder komplette Vorbereitungsbl\u00f6cke \u2014 flexibel an jedem Wochentag und zu Zeiten, die in euren Plan passen<\/li>\n<li>Wir w\u00e4hlen die passenden Coaches basierend auf euren Zielen und Anforderungen<\/li>\n<li>Training in <strong>unserer Academy<\/strong> oder <strong>direkt in eurem Club<\/strong><\/li>\n<\/ul>\n<p><strong>Warum Interclub-Vorbereitung wichtig ist<\/strong><\/p>\n<ul>\n<li>Startet sch\u00e4rfer, strukturierter und selbstbewusster in die Saison<\/li>\n<li>\u00dcbt, Drucksituationen besser zu meistern<\/li>\n<li>Verbessert euer taktisches Verst\u00e4ndnis<\/li>\n<li>St\u00e4rkt die Teamchemie und Doppel-Abstimmung<\/li>\n<li>Wandelt Trainingsfortschritte in echte Matchresultate um<\/li>\n<\/ul>\n<p>Wenn ihr m\u00f6chtet, dass euer Team stark in die Interclub-Saison startet, ist dieses Programm der perfekte Weg zur Vorbereitung.<\/p>\n<p><strong><a href=\"mailto:office@bozovictennisacademy.com\">Kontaktiert uns<\/a>, um eure Interclub-Vorbereitung zu planen.<\/strong><\/p>\n<\/div>\n<\/div><\/div><\/div><div id=\"pgc-4673-0-1\"  class=\"panel-grid-cell\" ><div id=\"panel-4673-0-1-0\" class=\"so-panel widget widget_sow-editor panel-first-child panel-last-child\" data-index=\"1\" ><div\n\t\t\t\n\t\t\tclass=\"so-widget-sow-editor so-widget-sow-editor-base\"\n\t\t\t\n\t\t>\n<div class=\"siteorigin-widget-tinymce textwidget\">\n\t<p><img loading=\"lazy\" decoding=\"async\" class=\"alignnone size-full wp-image-4458\" src=\"https:\/\/bozovictennisacademy.com\/v3\/wp-content\/uploads\/2024\/05\/ivanisevic_23.jpg\" alt=\"\" width=\"1280\" height=\"854\" srcset=\"https:\/\/bozovictennisacademy.com\/v3\/wp-content\/uploads\/2024\/05\/ivanisevic_23.jpg 1280w, https:\/\/bozovictennisacademy.com\/v3\/wp-content\/uploads\/2024\/05\/ivanisevic_23-300x200.jpg 300w, https:\/\/bozovictennisacademy.com\/v3\/wp-content\/uploads\/2024\/05\/ivanisevic_23-1024x683.jpg 1024w, https:\/\/bozovictennisacademy.com\/v3\/wp-content\/uploads\/2024\/05\/ivanisevic_23-768x512.jpg 768w, https:\/\/bozovictennisacademy.com\/v3\/wp-content\/uploads\/2024\/05\/ivanisevic_23-272x182.jpg 272w\" sizes=\"auto, (max-width: 1280px) 100vw, 1280px\" \/><\/p>\n<\/div>\n<\/div><\/div><\/div><\/div><\/div>","protected":false},"excerpt":{"rendered":"<p>Willst du \u00fcben, wie man in Matches spielt? Dann ist dieses Ferienprogramm genau das Richtige f\u00fcr dich. Wir analysieren, wie du in Matchsituationen spielst und machen dein Spiel fit f\u00fcr kommende Events.<\/p>\n","protected":false},"author":1,"featured_media":4458,"parent":4639,"menu_order":0,"comment_status":"closed","ping_status":"closed","template":"","meta":{"_acf_changed":false,"footnotes":""},"class_list":{"0":"post-4673","1":"page","2":"type-page","3":"status-publish","4":"has-post-thumbnail","6":"clearfix","7":"article"},"acf":[],"yoast_head":"<!-- This site is optimized with the Yoast SEO plugin v27.1.1 - https:\/\/yoast.com\/product\/yoast-seo-wordpress\/ -->\n<title>Interclub-Vorbereitungsprogramm - Bozovic Tennis Academy<\/title>\n<meta name=\"description\" content=\"Willst du \u00fcben, wie man in Matches spielt? Dann ist dieses Ferienprogramm genau das Richtige f\u00fcr dich. Wir analysieren, wie du in Matchsituationen spielst und machen dein Spiel fit f\u00fcr kommende Events.\" \/>\n<meta name=\"robots\" content=\"index, follow, max-snippet:-1, max-image-preview:large, max-video-preview:-1\" \/>\n<link rel=\"canonical\" href=\"https:\/\/bozovictennisacademy.com\/v3\/de\/programme\/holiday-program-de\/match-wochenende\/\" \/>\n<meta property=\"og:locale\" content=\"en_US\" \/>\n<meta property=\"og:type\" content=\"article\" \/>\n<meta property=\"og:title\" content=\"Interclub-Vorbereitungsprogramm - Bozovic Tennis Academy\" \/>\n<meta property=\"og:description\" content=\"Willst du \u00fcben, wie man in Matches spielt? Dann ist dieses Ferienprogramm genau das Richtige f\u00fcr dich. Wir analysieren, wie du in Matchsituationen spielst und machen dein Spiel fit f\u00fcr kommende Events.\" \/>\n<meta property=\"og:url\" content=\"https:\/\/bozovictennisacademy.com\/v3\/de\/programme\/holiday-program-de\/match-wochenende\/\" \/>\n<meta property=\"og:site_name\" content=\"Bozovic Tennis Academy\" \/>\n<meta property=\"article:publisher\" content=\"https:\/\/www.facebook.com\/bozovictennisacademy\/\" \/>\n<meta property=\"article:modified_time\" content=\"2025-12-17T10:28:28+00:00\" \/>\n<meta property=\"og:image\" content=\"https:\/\/bozovictennisacademy.com\/v3\/wp-content\/uploads\/2024\/05\/ivanisevic_23.jpg\" \/>\n\t<meta property=\"og:image:width\" content=\"1280\" \/>\n\t<meta property=\"og:image:height\" content=\"854\" \/>\n\t<meta property=\"og:image:type\" content=\"image\/jpeg\" \/>\n<meta name=\"twitter:card\" content=\"summary_large_image\" \/>\n<meta name=\"twitter:label1\" content=\"Est. reading time\" \/>\n\t<meta name=\"twitter:data1\" content=\"1 minute\" \/>\n<script type=\"application\/ld+json\" class=\"yoast-schema-graph\">{\"@context\":\"https:\/\/schema.org\",\"@graph\":[{\"@type\":\"WebPage\",\"@id\":\"https:\/\/bozovictennisacademy.com\/v3\/de\/programme\/holiday-program-de\/match-wochenende\/\",\"url\":\"https:\/\/bozovictennisacademy.com\/v3\/de\/programme\/holiday-program-de\/match-wochenende\/\",\"name\":\"Interclub-Vorbereitungsprogramm - Bozovic Tennis Academy\",\"isPartOf\":{\"@id\":\"https:\/\/bozovictennisacademy.com\/v3\/#website\"},\"primaryImageOfPage\":{\"@id\":\"https:\/\/bozovictennisacademy.com\/v3\/de\/programme\/holiday-program-de\/match-wochenende\/#primaryimage\"},\"image\":{\"@id\":\"https:\/\/bozovictennisacademy.com\/v3\/de\/programme\/holiday-program-de\/match-wochenende\/#primaryimage\"},\"thumbnailUrl\":\"https:\/\/bozovictennisacademy.com\/v3\/wp-content\/uploads\/2024\/05\/ivanisevic_23.jpg\",\"datePublished\":\"2024-06-10T13:21:42+00:00\",\"dateModified\":\"2025-12-17T10:28:28+00:00\",\"description\":\"Willst du \u00fcben, wie man in Matches spielt? Dann ist dieses Ferienprogramm genau das Richtige f\u00fcr dich. Wir analysieren, wie du in Matchsituationen spielst und machen dein Spiel fit f\u00fcr kommende Events.\",\"breadcrumb\":{\"@id\":\"https:\/\/bozovictennisacademy.com\/v3\/de\/programme\/holiday-program-de\/match-wochenende\/#breadcrumb\"},\"inLanguage\":\"en-US\",\"potentialAction\":[{\"@type\":\"ReadAction\",\"target\":[\"https:\/\/bozovictennisacademy.com\/v3\/de\/programme\/holiday-program-de\/match-wochenende\/\"]}]},{\"@type\":\"ImageObject\",\"inLanguage\":\"en-US\",\"@id\":\"https:\/\/bozovictennisacademy.com\/v3\/de\/programme\/holiday-program-de\/match-wochenende\/#primaryimage\",\"url\":\"https:\/\/bozovictennisacademy.com\/v3\/wp-content\/uploads\/2024\/05\/ivanisevic_23.jpg\",\"contentUrl\":\"https:\/\/bozovictennisacademy.com\/v3\/wp-content\/uploads\/2024\/05\/ivanisevic_23.jpg\",\"width\":1280,\"height\":854},{\"@type\":\"BreadcrumbList\",\"@id\":\"https:\/\/bozovictennisacademy.com\/v3\/de\/programme\/holiday-program-de\/match-wochenende\/#breadcrumb\",\"itemListElement\":[{\"@type\":\"ListItem\",\"position\":1,\"name\":\"Home\",\"item\":\"https:\/\/bozovictennisacademy.com\/v3\/\"},{\"@type\":\"ListItem\",\"position\":2,\"name\":\"Programme und Dienstleistungen\",\"item\":\"https:\/\/bozovictennisacademy.com\/v3\/de\/programme\/\"},{\"@type\":\"ListItem\",\"position\":3,\"name\":\"Holiday Program\",\"item\":\"https:\/\/bozovictennisacademy.com\/v3\/de\/programme\/holiday-program-de\/\"},{\"@type\":\"ListItem\",\"position\":4,\"name\":\"Interclub-Vorbereitungsprogramm\"}]},{\"@type\":\"WebSite\",\"@id\":\"https:\/\/bozovictennisacademy.com\/v3\/#website\",\"url\":\"https:\/\/bozovictennisacademy.com\/v3\/\",\"name\":\"Bozovic Tennis Academy\",\"description\":\"\",\"potentialAction\":[{\"@type\":\"SearchAction\",\"target\":{\"@type\":\"EntryPoint\",\"urlTemplate\":\"https:\/\/bozovictennisacademy.com\/v3\/?s={search_term_string}\"},\"query-input\":{\"@type\":\"PropertyValueSpecification\",\"valueRequired\":true,\"valueName\":\"search_term_string\"}}],\"inLanguage\":\"en-US\"}]}<\/script>\n<!-- \/ Yoast SEO plugin. -->","yoast_head_json":{"title":"Interclub-Vorbereitungsprogramm - Bozovic Tennis Academy","description":"Willst du \u00fcben, wie man in Matches spielt? Dann ist dieses Ferienprogramm genau das Richtige f\u00fcr dich. Wir analysieren, wie du in Matchsituationen spielst und machen dein Spiel fit f\u00fcr kommende Events.","robots":{"index":"index","follow":"follow","max-snippet":"max-snippet:-1","max-image-preview":"max-image-preview:large","max-video-preview":"max-video-preview:-1"},"canonical":"https:\/\/bozovictennisacademy.com\/v3\/de\/programme\/holiday-program-de\/match-wochenende\/","og_locale":"en_US","og_type":"article","og_title":"Interclub-Vorbereitungsprogramm - Bozovic Tennis Academy","og_description":"Willst du \u00fcben, wie man in Matches spielt? Dann ist dieses Ferienprogramm genau das Richtige f\u00fcr dich. Wir analysieren, wie du in Matchsituationen spielst und machen dein Spiel fit f\u00fcr kommende Events.","og_url":"https:\/\/bozovictennisacademy.com\/v3\/de\/programme\/holiday-program-de\/match-wochenende\/","og_site_name":"Bozovic Tennis Academy","article_publisher":"https:\/\/www.facebook.com\/bozovictennisacademy\/","article_modified_time":"2025-12-17T10:28:28+00:00","og_image":[{"width":1280,"height":854,"url":"https:\/\/bozovictennisacademy.com\/v3\/wp-content\/uploads\/2024\/05\/ivanisevic_23.jpg","type":"image\/jpeg"}],"twitter_card":"summary_large_image","twitter_misc":{"Est. reading time":"1 minute"},"schema":{"@context":"https:\/\/schema.org","@graph":[{"@type":"WebPage","@id":"https:\/\/bozovictennisacademy.com\/v3\/de\/programme\/holiday-program-de\/match-wochenende\/","url":"https:\/\/bozovictennisacademy.com\/v3\/de\/programme\/holiday-program-de\/match-wochenende\/","name":"Interclub-Vorbereitungsprogramm - Bozovic Tennis Academy","isPartOf":{"@id":"https:\/\/bozovictennisacademy.com\/v3\/#website"},"primaryImageOfPage":{"@id":"https:\/\/bozovictennisacademy.com\/v3\/de\/programme\/holiday-program-de\/match-wochenende\/#primaryimage"},"image":{"@id":"https:\/\/bozovictennisacademy.com\/v3\/de\/programme\/holiday-program-de\/match-wochenende\/#primaryimage"},"thumbnailUrl":"https:\/\/bozovictennisacademy.com\/v3\/wp-content\/uploads\/2024\/05\/ivanisevic_23.jpg","datePublished":"2024-06-10T13:21:42+00:00","dateModified":"2025-12-17T10:28:28+00:00","description":"Willst du \u00fcben, wie man in Matches spielt? Dann ist dieses Ferienprogramm genau das Richtige f\u00fcr dich. Wir analysieren, wie du in Matchsituationen spielst und machen dein Spiel fit f\u00fcr kommende Events.","breadcrumb":{"@id":"https:\/\/bozovictennisacademy.com\/v3\/de\/programme\/holiday-program-de\/match-wochenende\/#breadcrumb"},"inLanguage":"en-US","potentialAction":[{"@type":"ReadAction","target":["https:\/\/bozovictennisacademy.com\/v3\/de\/programme\/holiday-program-de\/match-wochenende\/"]}]},{"@type":"ImageObject","inLanguage":"en-US","@id":"https:\/\/bozovictennisacademy.com\/v3\/de\/programme\/holiday-program-de\/match-wochenende\/#primaryimage","url":"https:\/\/bozovictennisacademy.com\/v3\/wp-content\/uploads\/2024\/05\/ivanisevic_23.jpg","contentUrl":"https:\/\/bozovictennisacademy.com\/v3\/wp-content\/uploads\/2024\/05\/ivanisevic_23.jpg","width":1280,"height":854},{"@type":"BreadcrumbList","@id":"https:\/\/bozovictennisacademy.com\/v3\/de\/programme\/holiday-program-de\/match-wochenende\/#breadcrumb","itemListElement":[{"@type":"ListItem","position":1,"name":"Home","item":"https:\/\/bozovictennisacademy.com\/v3\/"},{"@type":"ListItem","position":2,"name":"Programme und Dienstleistungen","item":"https:\/\/bozovictennisacademy.com\/v3\/de\/programme\/"},{"@type":"ListItem","position":3,"name":"Holiday Program","item":"https:\/\/bozovictennisacademy.com\/v3\/de\/programme\/holiday-program-de\/"},{"@type":"ListItem","position":4,"name":"Interclub-Vorbereitungsprogramm"}]},{"@type":"WebSite","@id":"https:\/\/bozovictennisacademy.com\/v3\/#website","url":"https:\/\/bozovictennisacademy.com\/v3\/","name":"Bozovic Tennis Academy","description":"","potentialAction":[{"@type":"SearchAction","target":{"@type":"EntryPoint","urlTemplate":"https:\/\/bozovictennisacademy.com\/v3\/?s={search_term_string}"},"query-input":{"@type":"PropertyValueSpecification","valueRequired":true,"valueName":"search_term_string"}}],"inLanguage":"en-US"}]}},"_links":{"self":[{"href":"https:\/\/bozovictennisacademy.com\/v3\/wp-json\/wp\/v2\/pages\/4673","targetHints":{"allow":["GET"]}}],"collection":[{"href":"https:\/\/bozovictennisacademy.com\/v3\/wp-json\/wp\/v2\/pages"}],"about":[{"href":"https:\/\/bozovictennisacademy.com\/v3\/wp-json\/wp\/v2\/types\/page"}],"author":[{"embeddable":true,"href":"https:\/\/bozovictennisacademy.com\/v3\/wp-json\/wp\/v2\/users\/1"}],"replies":[{"embeddable":true,"href":"https:\/\/bozovictennisacademy.com\/v3\/wp-json\/wp\/v2\/comments?post=4673"}],"version-history":[{"count":10,"href":"https:\/\/bozovictennisacademy.com\/v3\/wp-json\/wp\/v2\/pages\/4673\/revisions"}],"predecessor-version":[{"id":5478,"href":"https:\/\/bozovictennisacademy.com\/v3\/wp-json\/wp\/v2\/pages\/4673\/revisions\/5478"}],"up":[{"embeddable":true,"href":"https:\/\/bozovictennisacademy.com\/v3\/wp-json\/wp\/v2\/pages\/4639"}],"wp:featuredmedia":[{"embeddable":true,"href":"https:\/\/bozovictennisacademy.com\/v3\/wp-json\/wp\/v2\/media\/4458"}],"wp:attachment":[{"href":"https:\/\/bozovictennisacademy.com\/v3\/wp-json\/wp\/v2\/media?parent=4673"}],"curies":[{"name":"wp","href":"https:\/\/api.w.org\/{rel}","templated":true}]}}